CRAN Package Check Results for Package CodeDepends

Last updated on 2023-10-04 20:42:23 CEST.

Flavor Version Tinstall Tcheck Ttotal Status Flags
r-devel-linux-x86_64-debian-clang 0.6.5 12.14 82.88 95.02 NOTE
r-devel-linux-x86_64-debian-gcc 0.6.5 9.57 64.76 74.33 NOTE
r-devel-linux-x86_64-fedora-clang 0.6.5 114.62 NOTE
r-devel-linux-x86_64-fedora-gcc 0.6.5 137.31 NOTE
r-devel-windows-x86_64 0.6.5 14.00 89.00 103.00 OK
r-patched-linux-x86_64 0.6.5 12.45 80.99 93.44 NOTE
r-release-linux-x86_64 0.6.5 10.32 82.25 92.57 NOTE
r-release-macos-arm64 0.6.5 46.00 OK
r-release-macos-x86_64 0.6.5 73.00 OK
r-release-windows-x86_64 0.6.5 18.00 101.00 119.00 OK
r-oldrel-macos-arm64 0.6.5 39.00 OK
r-oldrel-macos-x86_64 0.6.5 56.00 OK
r-oldrel-windows-x86_64 0.6.5 20.00 106.00 126.00 OK

Check Details

Version: 0.6.5
Check: for non-standard things in the check directory
Result: NOTE
    Found the following files/directories:
     ‘foo.R’ ‘foo.html’
Flavors: r-devel-linux-x86_64-debian-clang, r-devel-linux-x86_64-debian-gcc, r-devel-linux-x86_64-fedora-clang, r-devel-linux-x86_64-fedora-gcc, r-patched-linux-x86_64, r-release-linux-x86_64