CRAN Package Check Results for Package CodeDepends

Last updated on 2022-11-25 19:49:48 CET.

Flavor Version Tinstall Tcheck Ttotal Status Flags
r-devel-linux-x86_64-debian-clang 0.6.5 14.79 84.06 98.85 NOTE
r-devel-linux-x86_64-debian-gcc 0.6.5 9.65 64.92 74.57 NOTE
r-devel-linux-x86_64-fedora-clang 0.6.5 136.15 NOTE
r-devel-linux-x86_64-fedora-gcc 0.6.5 137.40 NOTE
r-devel-windows-x86_64 0.6.5 96.00 136.00 232.00 OK
r-patched-linux-x86_64 0.6.5 NOTE
r-release-linux-x86_64 0.6.5 12.08 87.60 99.68 NOTE
r-release-macos-arm64 0.6.5 40.00 OK
r-release-macos-x86_64 0.6.5 56.00 OK
r-release-windows-x86_64 0.6.5 97.00 136.00 233.00 OK
r-oldrel-macos-arm64 0.6.5 49.00 OK
r-oldrel-macos-x86_64 0.6.5 81.00 OK
r-oldrel-windows-ix86+x86_64 0.6.5 25.00 109.00 134.00 OK

Check Details

Version: 0.6.5
Check: for non-standard things in the check directory
Result: NOTE
    Found the following files/directories:
     'foo.R' 'foo.html'
Flavors: r-devel-linux-x86_64-debian-clang, r-devel-linux-x86_64-debian-gcc, r-devel-linux-x86_64-fedora-clang, r-devel-linux-x86_64-fedora-gcc, r-patched-linux-x86_64, r-release-linux-x86_64