Last updated on 2024-07-17 20:56:56 CEST.
Flavor | Version | Tinstall | Tcheck | Ttotal | Status | Flags |
---|---|---|---|---|---|---|
r-devel-linux-x86_64-debian-clang | 1.0.1 | 2.57 | 79.51 | 82.08 | OK | |
r-devel-linux-x86_64-debian-gcc | 1.0.1 | 2.24 | 59.06 | 61.30 | OK | |
r-devel-linux-x86_64-fedora-clang | 1.0.1 | 101.22 | OK | |||
r-devel-linux-x86_64-fedora-gcc | 1.0.1 | 109.95 | OK | |||
r-devel-windows-x86_64 | 1.0.1 | 4.00 | 148.00 | 152.00 | NOTE | |
r-patched-linux-x86_64 | 1.0.1 | 6.63 | 79.44 | 86.07 | OK | |
r-release-linux-x86_64 | 1.0.1 | 2.82 | 78.35 | 81.17 | OK | |
r-release-macos-arm64 | 1.0.1 | 38.00 | OK | |||
r-release-macos-x86_64 | 1.0.1 | 61.00 | OK | |||
r-release-windows-x86_64 | 1.0.1 | 4.00 | 147.00 | 151.00 | OK | |
r-oldrel-macos-arm64 | 1.0.1 | 54.00 | OK | |||
r-oldrel-macos-x86_64 | 1.0.1 | 83.00 | OK | |||
r-oldrel-windows-x86_64 | 1.0.1 | 4.00 | 150.00 | 154.00 | OK |
Version: 1.0.1
Check: Rd cross-references
Result: NOTE
Found the following Rd file(s) with Rd \link{} targets missing package
anchors:
dissmutmatrix.Rd: dissplot
Please provide package anchors for all Rd \link{} targets not in the
package itself and the base packages.
Flavor: r-devel-windows-x86_64