Last updated on 2025-11-14 19:49:46 CET.
| Flavor | Version | Tinstall | Tcheck | Ttotal | Status | Flags |
|---|---|---|---|---|---|---|
| r-devel-linux-x86_64-debian-clang | 1.1.6 | 5.02 | 29.88 | 34.90 | OK | |
| r-devel-linux-x86_64-debian-gcc | 1.1.6 | 4.14 | 23.24 | 27.38 | OK | |
| r-devel-linux-x86_64-fedora-clang | 1.1.6 | 42.00 | 15.49 | 57.49 | NOTE | |
| r-devel-windows-x86_64 | 1.1.6 | 10.00 | 57.00 | 67.00 | OK | |
| r-patched-linux-x86_64 | 1.1.6 | 5.17 | 28.12 | 33.29 | OK | |
| r-release-linux-x86_64 | 1.1.6 | 5.04 | 28.42 | 33.46 | OK | |
| r-release-macos-arm64 | 1.1.6 | 4.00 | 18.00 | 22.00 | OK | |
| r-release-macos-x86_64 | 1.1.6 | 6.00 | 25.00 | 31.00 | OK | |
| r-release-windows-x86_64 | 1.1.6 | 9.00 | 56.00 | 65.00 | OK | |
| r-oldrel-macos-arm64 | 1.1.6 | 3.00 | 20.00 | 23.00 | OK | |
| r-oldrel-macos-x86_64 | 1.1.6 | 4.00 | 23.00 | 27.00 | OK | |
| r-oldrel-windows-x86_64 | 1.1.6 | 9.00 | 56.00 | 65.00 | OK |
Version: 1.1.6
Check: compiled code
Result: NOTE
File ‘ClickClust/libs/ClickClust.so’:
Found no calls to: ‘R_registerRoutines’, ‘R_useDynamicSymbols’
It is good practice to register native routines and to disable symbol
search.
See ‘Writing portable packages’ in the ‘Writing R Extensions’ manual.
Flavor: r-devel-linux-x86_64-fedora-clang