Last updated on 2025-02-06 19:49:20 CET.
Flavor | Version | Tinstall | Tcheck | Ttotal | Status | Flags |
---|---|---|---|---|---|---|
r-devel-linux-x86_64-debian-clang | 3.4.5 | 3.60 | 65.43 | 69.03 | NOTE | |
r-devel-linux-x86_64-debian-gcc | 3.4.5 | 2.41 | 48.67 | 51.08 | NOTE | |
r-devel-linux-x86_64-fedora-clang | 3.4.5 | 115.06 | NOTE | |||
r-devel-linux-x86_64-fedora-gcc | 3.4.5 | 121.17 | NOTE | |||
r-devel-windows-x86_64 | 3.4.5 | 5.00 | 129.00 | 134.00 | NOTE | |
r-patched-linux-x86_64 | 3.4.5 | 4.10 | 62.80 | 66.90 | OK | |
r-release-linux-x86_64 | 3.4.5 | 3.10 | 62.89 | 65.99 | OK | |
r-release-macos-arm64 | 3.4.5 | 45.00 | OK | |||
r-release-macos-x86_64 | 3.4.5 | 70.00 | OK | |||
r-release-windows-x86_64 | 3.4.5 | 5.00 | 119.00 | 124.00 | OK | |
r-oldrel-macos-arm64 | 3.4.5 | 56.00 | OK | |||
r-oldrel-macos-x86_64 | 3.4.5 | 124.00 | OK | |||
r-oldrel-windows-x86_64 | 3.4.5 | 6.00 | 128.00 | 134.00 | OK |
Version: 3.4.5
Check: tests
Result: NOTE
Running ‘exprSet-example.R’ [6s/7s]
Comparing ‘exprSet-example.Rout’ to ‘exprSet-example.Rout.save’ ... OK
Running ‘test00-color.R’ [1s/1s]
Comparing ‘test00-color.Rout’ to ‘test00-color.Rout.save’ ... OK
Running ‘test01-distance.R’ [1s/1s]
Comparing ‘test01-distance.Rout’ to ‘test01-distance.Rout.save’ ... OK
Running ‘test02-cluster.R’ [1s/1s]
Comparing ‘test02-cluster.Rout’ to ‘test02-cluster.Rout.save’ ...28c28
< 3.674e-05 6.434e-02 3.529e-01 2.976e-01 5.154e-01 6.698e-01
---
> 0.0000367 0.0643374 0.3528907 0.2975618 0.5153581 0.6697706
Running ‘test02.1-just.R’ [0s/1s]
Comparing ‘test02.1-just.Rout’ to ‘test02.1-just.Rout.save’ ... OK
Running ‘test03-boot.R’ [2s/2s]
Comparing ‘test03-boot.Rout’ to ‘test03-boot.Rout.save’ ... OK
Running ‘test04-perturb.R’ [2s/3s]
Comparing ‘test04-perturb.Rout’ to ‘test04-perturb.Rout.save’ ... OK
Running ‘test04.1-gpca.R’ [1s/1s]
Comparing ‘test04.1-gpca.Rout’ to ‘test04.1-gpca.Rout.save’ ... OK
Running ‘test05-spca.R’ [1s/1s]
Comparing ‘test05-spca.Rout’ to ‘test05-spca.Rout.save’ ... OK
Running ‘test06-mosaic.R’ [1s/2s]
Comparing ‘test06-mosaic.Rout’ to ‘test06-mosaic.Rout.save’ ... OK
Running ‘test07-pcanova.R’ [1s/1s]
Comparing ‘test07-pcanova.Rout’ to ‘test07-pcanova.Rout.save’ ... OK
Flavor: r-devel-linux-x86_64-debian-clang
Version: 3.4.5
Check: tests
Result: NOTE
Running ‘exprSet-example.R’ [4s/5s]
Comparing ‘exprSet-example.Rout’ to ‘exprSet-example.Rout.save’ ... OK
Running ‘test00-color.R’ [0s/1s]
Comparing ‘test00-color.Rout’ to ‘test00-color.Rout.save’ ... OK
Running ‘test01-distance.R’ [0s/1s]
Comparing ‘test01-distance.Rout’ to ‘test01-distance.Rout.save’ ... OK
Running ‘test02-cluster.R’ [1s/1s]
Comparing ‘test02-cluster.Rout’ to ‘test02-cluster.Rout.save’ ...28c28
< 3.674e-05 6.434e-02 3.529e-01 2.976e-01 5.154e-01 6.698e-01
---
> 0.0000367 0.0643374 0.3528907 0.2975618 0.5153581 0.6697706
Running ‘test02.1-just.R’ [0s/0s]
Comparing ‘test02.1-just.Rout’ to ‘test02.1-just.Rout.save’ ... OK
Running ‘test03-boot.R’ [1s/1s]
Comparing ‘test03-boot.Rout’ to ‘test03-boot.Rout.save’ ... OK
Running ‘test04-perturb.R’ [1s/2s]
Comparing ‘test04-perturb.Rout’ to ‘test04-perturb.Rout.save’ ... OK
Running ‘test04.1-gpca.R’ [0s/0s]
Comparing ‘test04.1-gpca.Rout’ to ‘test04.1-gpca.Rout.save’ ... OK
Running ‘test05-spca.R’ [0s/1s]
Comparing ‘test05-spca.Rout’ to ‘test05-spca.Rout.save’ ... OK
Running ‘test06-mosaic.R’ [1s/1s]
Comparing ‘test06-mosaic.Rout’ to ‘test06-mosaic.Rout.save’ ... OK
Running ‘test07-pcanova.R’ [1s/1s]
Comparing ‘test07-pcanova.Rout’ to ‘test07-pcanova.Rout.save’ ... OK
Flavor: r-devel-linux-x86_64-debian-gcc
Version: 3.4.5
Check: tests
Result: NOTE
Running ‘exprSet-example.R’ [9s/11s]
Comparing ‘exprSet-example.Rout’ to ‘exprSet-example.Rout.save’ ... OK
Running ‘test00-color.R’
Comparing ‘test00-color.Rout’ to ‘test00-color.Rout.save’ ... OK
Running ‘test01-distance.R’
Comparing ‘test01-distance.Rout’ to ‘test01-distance.Rout.save’ ... OK
Running ‘test02-cluster.R’
Comparing ‘test02-cluster.Rout’ to ‘test02-cluster.Rout.save’ ...28c28
< 3.674e-05 6.434e-02 3.529e-01 2.976e-01 5.154e-01 6.698e-01
---
> 0.0000367 0.0643374 0.3528907 0.2975618 0.5153581 0.6697706
Running ‘test02.1-just.R’
Comparing ‘test02.1-just.Rout’ to ‘test02.1-just.Rout.save’ ... OK
Running ‘test03-boot.R’
Comparing ‘test03-boot.Rout’ to ‘test03-boot.Rout.save’ ... OK
Running ‘test04-perturb.R’
Comparing ‘test04-perturb.Rout’ to ‘test04-perturb.Rout.save’ ... OK
Running ‘test04.1-gpca.R’
Comparing ‘test04.1-gpca.Rout’ to ‘test04.1-gpca.Rout.save’ ... OK
Running ‘test05-spca.R’
Comparing ‘test05-spca.Rout’ to ‘test05-spca.Rout.save’ ... OK
Running ‘test06-mosaic.R’
Comparing ‘test06-mosaic.Rout’ to ‘test06-mosaic.Rout.save’ ... OK
Running ‘test07-pcanova.R’
Comparing ‘test07-pcanova.Rout’ to ‘test07-pcanova.Rout.save’ ... OK
Flavor: r-devel-linux-x86_64-fedora-clang
Version: 3.4.5
Check: tests
Result: NOTE
Running ‘exprSet-example.R’ [10s/14s]
Comparing ‘exprSet-example.Rout’ to ‘exprSet-example.Rout.save’ ... OK
Running ‘test00-color.R’
Comparing ‘test00-color.Rout’ to ‘test00-color.Rout.save’ ... OK
Running ‘test01-distance.R’
Comparing ‘test01-distance.Rout’ to ‘test01-distance.Rout.save’ ... OK
Running ‘test02-cluster.R’
Comparing ‘test02-cluster.Rout’ to ‘test02-cluster.Rout.save’ ...28c28
< 3.674e-05 6.434e-02 3.529e-01 2.976e-01 5.154e-01 6.698e-01
---
> 0.0000367 0.0643374 0.3528907 0.2975618 0.5153581 0.6697706
Running ‘test02.1-just.R’
Comparing ‘test02.1-just.Rout’ to ‘test02.1-just.Rout.save’ ... OK
Running ‘test03-boot.R’
Comparing ‘test03-boot.Rout’ to ‘test03-boot.Rout.save’ ... OK
Running ‘test04-perturb.R’
Comparing ‘test04-perturb.Rout’ to ‘test04-perturb.Rout.save’ ... OK
Running ‘test04.1-gpca.R’
Comparing ‘test04.1-gpca.Rout’ to ‘test04.1-gpca.Rout.save’ ... OK
Running ‘test05-spca.R’
Comparing ‘test05-spca.Rout’ to ‘test05-spca.Rout.save’ ... OK
Running ‘test06-mosaic.R’
Comparing ‘test06-mosaic.Rout’ to ‘test06-mosaic.Rout.save’ ... OK
Running ‘test07-pcanova.R’
Comparing ‘test07-pcanova.Rout’ to ‘test07-pcanova.Rout.save’ ... OK
Flavor: r-devel-linux-x86_64-fedora-gcc
Version: 3.4.5
Check: tests
Result: NOTE
Running 'exprSet-example.R' [5s]
Comparing 'exprSet-example.Rout' to 'exprSet-example.Rout.save' ... OK
Running 'test00-color.R' [1s]
Comparing 'test00-color.Rout' to 'test00-color.Rout.save' ... OK
Running 'test01-distance.R' [1s]
Comparing 'test01-distance.Rout' to 'test01-distance.Rout.save' ... OK
Running 'test02-cluster.R' [1s]
Comparing 'test02-cluster.Rout' to 'test02-cluster.Rout.save' ...28c28
< 3.674e-05 6.434e-02 3.529e-01 2.976e-01 5.154e-01 6.698e-01
---
> 0.0000367 0.0643374 0.3528907 0.2975618 0.5153581 0.6697706
Running 'test02.1-just.R' [1s]
Comparing 'test02.1-just.Rout' to 'test02.1-just.Rout.save' ... OK
Running 'test03-boot.R' [2s]
Comparing 'test03-boot.Rout' to 'test03-boot.Rout.save' ... OK
Running 'test04-perturb.R' [2s]
Comparing 'test04-perturb.Rout' to 'test04-perturb.Rout.save' ... OK
Running 'test04.1-gpca.R' [1s]
Comparing 'test04.1-gpca.Rout' to 'test04.1-gpca.Rout.save' ... OK
Running 'test05-spca.R' [1s]
Comparing 'test05-spca.Rout' to 'test05-spca.Rout.save' ... OK
Running 'test06-mosaic.R' [1s]
Comparing 'test06-mosaic.Rout' to 'test06-mosaic.Rout.save' ... OK
Running 'test07-pcanova.R' [1s]
Comparing 'test07-pcanova.Rout' to 'test07-pcanova.Rout.save' ... OK
Flavor: r-devel-windows-x86_64