CRAN Package Check Results for Package ClassDiscovery

Last updated on 2024-02-29 20:05:22 CET.

Flavor Version Tinstall Tcheck Ttotal Status Flags
r-devel-linux-x86_64-debian-clang 3.4.0 3.15 81.83 84.98 NOTE
r-devel-linux-x86_64-debian-gcc 3.4.0 3.61 63.37 66.98 NOTE
r-devel-linux-x86_64-fedora-clang 3.4.0 112.55 NOTE
r-devel-linux-x86_64-fedora-gcc 3.4.0 123.41 NOTE
r-devel-windows-x86_64 3.4.0 5.00 117.00 122.00 OK
r-patched-linux-x86_64 3.4.0 4.49 80.80 85.29 OK
r-release-linux-x86_64 3.4.0 4.53 80.73 85.26 OK
r-release-macos-arm64 3.4.0 48.00 OK
r-release-macos-x86_64 3.4.0 61.00 OK
r-release-windows-x86_64 3.4.0 6.00 121.00 127.00 OK
r-oldrel-macos-arm64 3.4.0 43.00 OK
r-oldrel-windows-x86_64 3.4.0 6.00 128.00 134.00 OK

Check Details

Version: 3.4.0
Check: Rd files
Result: NOTE checkRd: (-1) cd01-0-distanceMatrix.Rd:37-39: Lost braces in \itemize; meant \describe ? checkRd: (-1) cd01-0-distanceMatrix.Rd:40-43: Lost braces in \itemize; meant \describe ? checkRd: (-1) cd01-0-distanceMatrix.Rd:44-46: Lost braces in \itemize; meant \describe ? checkRd: (-1) cd01-0-distanceMatrix.Rd:47-48: Lost braces in \itemize; meant \describe ? checkRd: (-1) cd01-0-distanceMatrix.Rd:49-50: Lost braces in \itemize; meant \describe ? checkRd: (-1) cd01-0-distanceMatrix.Rd:51-52: Lost braces in \itemize; meant \describe ? checkRd: (-1) cd02-1-cluster3.Rd:25: Lost braces 25 | Kevin R. Coombes email{krc@silicovore.com} | ^ checkRd: (-1) cd03-0-ClusterTest-class.Rd:70: Lost braces 70 | Kevin R. Coombes email{krc@silicovore.com} | ^ Flavors: r-devel-linux-x86_64-debian-clang, r-devel-linux-x86_64-debian-gcc, r-devel-linux-x86_64-fedora-clang, r-devel-linux-x86_64-fedora-gcc