Last updated on 2024-03-28 19:48:27 CET.
Flavor | Version | Tinstall | Tcheck | Ttotal | Status | Flags |
---|---|---|---|---|---|---|
r-devel-linux-x86_64-debian-clang | 0.9.0 | 167.67 | 51.83 | 219.50 | NOTE | |
r-devel-linux-x86_64-debian-gcc | 0.9.0 | 129.30 | 38.54 | 167.84 | NOTE | |
r-devel-linux-x86_64-fedora-clang | 0.9.0 | 338.52 | NOTE | |||
r-devel-linux-x86_64-fedora-gcc | 0.9.0 | 333.43 | NOTE | |||
r-devel-windows-x86_64 | 0.9.0 | 136.00 | 90.00 | 226.00 | NOTE | |
r-patched-linux-x86_64 | 0.9.0 | 172.34 | 48.93 | 221.27 | NOTE | |
r-release-linux-x86_64 | 0.9.0 | 165.55 | 49.16 | 214.71 | NOTE | |
r-release-macos-arm64 | 0.9.0 | 81.00 | NOTE | |||
r-release-macos-x86_64 | 0.9.0 | 129.00 | NOTE | |||
r-release-windows-x86_64 | 0.9.0 | 163.00 | 101.00 | 264.00 | NOTE | |
r-oldrel-macos-arm64 | 0.9.0 | 69.00 | NOTE | |||
r-oldrel-windows-x86_64 | 0.9.0 | 160.00 | 97.00 | 257.00 | OK |
Version: 0.9.0
Check: C++ specification
Result: NOTE
Specified C++11: please drop specification unless essential
Flavors: r-devel-linux-x86_64-debian-clang, r-devel-linux-x86_64-debian-gcc, r-devel-linux-x86_64-fedora-clang, r-devel-linux-x86_64-fedora-gcc, r-devel-windows-x86_64, r-patched-linux-x86_64, r-release-linux-x86_64, r-release-macos-arm64, r-release-macos-x86_64, r-release-windows-x86_64
Version: 0.9.0
Check: dependencies in R code
Result: NOTE
Namespaces in Imports field not imported from:
‘RInside’ ‘circular’
All declared Imports should be used.
Flavors: r-devel-linux-x86_64-fedora-clang, r-devel-linux-x86_64-fedora-gcc, r-oldrel-macos-arm64
Version: 0.9.0
Check: installed package size
Result: NOTE
installed size is 7.3Mb
sub-directories of 1Mb or more:
data 1.8Mb
libs 5.0Mb
Flavors: r-release-macos-arm64, r-release-macos-x86_64, r-oldrel-macos-arm64