Last updated on 2024-07-17 20:56:56 CEST.
Flavor | Version | Tinstall | Tcheck | Ttotal | Status | Flags |
---|---|---|---|---|---|---|
r-devel-linux-x86_64-debian-clang | 1.2.4 | 9.77 | 55.44 | 65.21 | NOTE | |
r-devel-linux-x86_64-debian-gcc | 1.2.4 | 8.52 | 39.81 | 48.33 | NOTE | |
r-devel-linux-x86_64-fedora-clang | 1.2.4 | 82.28 | NOTE | |||
r-devel-linux-x86_64-fedora-gcc | 1.2.4 | 74.41 | NOTE | |||
r-devel-windows-x86_64 | 1.2.4 | 10.00 | 57.00 | 67.00 | NOTE | |
r-patched-linux-x86_64 | 1.2.4 | 10.00 | 54.83 | 64.83 | NOTE | |
r-release-linux-x86_64 | 1.2.4 | 10.67 | 52.98 | 63.65 | NOTE | |
r-release-macos-arm64 | 1.2.4 | 24.00 | NOTE | |||
r-release-macos-x86_64 | 1.2.4 | 42.00 | NOTE | |||
r-release-windows-x86_64 | 1.2.4 | 10.00 | 57.00 | 67.00 | NOTE | |
r-oldrel-macos-arm64 | 1.2.4 | 25.00 | OK | |||
r-oldrel-macos-x86_64 | 1.2.4 | 63.00 | OK | |||
r-oldrel-windows-x86_64 | 1.2.4 | 13.00 | 61.00 | 74.00 | OK |
Version: 1.2.4
Check: Rd files
Result: NOTE
checkRd: (-1) performParallelNLMERun.Rd:22: Lost braces
22 | \item{partialJob}{is /code{TRUE} if it is not required to stop the job
| ^
checkRd: (-1) performParallelNLMERun.Rd:25: Lost braces
25 | \item{allowIntermediateResults}{is /code{TRUE} if intermediate results
| ^
Flavors: r-devel-linux-x86_64-debian-clang, r-devel-linux-x86_64-debian-gcc, r-devel-linux-x86_64-fedora-clang, r-devel-linux-x86_64-fedora-gcc, r-devel-windows-x86_64, r-patched-linux-x86_64, r-release-linux-x86_64, r-release-macos-arm64, r-release-macos-x86_64, r-release-windows-x86_64