Last updated on 2025-02-21 19:50:22 CET.
Flavor | Version | Tinstall | Tcheck | Ttotal | Status | Flags |
---|---|---|---|---|---|---|
r-devel-linux-x86_64-debian-clang | 0.8.1 | 8.32 | 70.64 | 78.96 | OK | |
r-devel-linux-x86_64-debian-gcc | 0.8.1 | 0.46 | 1.40 | 1.86 | ERROR | |
r-devel-linux-x86_64-fedora-clang | 0.8.1 | 123.84 | OK | |||
r-devel-linux-x86_64-fedora-gcc | 0.8.1 | 130.89 | OK | |||
r-devel-macos-arm64 | 0.8.1 | 48.00 | OK | |||
r-devel-macos-x86_64 | 0.8.1 | 94.00 | OK | |||
r-devel-windows-x86_64 | 0.8.1 | 8.00 | 139.00 | 147.00 | OK | |
r-patched-linux-x86_64 | 0.8.1 | 7.78 | 66.69 | 74.47 | OK | |
r-release-linux-x86_64 | 0.8.1 | 6.87 | 68.61 | 75.48 | OK | |
r-release-macos-arm64 | 0.8.1 | 48.00 | OK | |||
r-release-macos-x86_64 | 0.8.1 | 109.00 | OK | |||
r-release-windows-x86_64 | 0.8.1 | 8.00 | 133.00 | 141.00 | OK | |
r-oldrel-macos-arm64 | 0.8.1 | 48.00 | OK | |||
r-oldrel-macos-x86_64 | 0.8.1 | 102.00 | OK | |||
r-oldrel-windows-x86_64 | 0.8.1 | 10.00 | 151.00 | 161.00 | OK |
Version: 0.8.1
Check: package dependencies
Result: ERROR
Package required but not available: ‘Rgraphviz’
See section ‘The DESCRIPTION file’ in the ‘Writing R Extensions’
manual.
Flavor: r-devel-linux-x86_64-debian-gcc