Last updated on 2025-05-09 20:49:46 CEST.
Flavor | Version | Tinstall | Tcheck | Ttotal | Status | Flags |
---|---|---|---|---|---|---|
r-devel-linux-x86_64-debian-clang | 0.1-5 | 1.52 | 23.44 | 24.96 | NOTE | |
r-devel-linux-x86_64-debian-gcc | 0.1-5 | 1.17 | 19.20 | 20.37 | NOTE | |
r-devel-linux-x86_64-fedora-clang | 0.1-5 | 38.44 | OK | |||
r-devel-linux-x86_64-fedora-gcc | 0.1-5 | 37.36 | OK | |||
r-devel-windows-x86_64 | 0.1-5 | 3.00 | 46.00 | 49.00 | OK | |
r-patched-linux-x86_64 | 0.1-5 | 1.91 | 22.56 | 24.47 | OK | |
r-release-linux-x86_64 | 0.1-5 | 1.52 | 22.63 | 24.15 | OK | |
r-release-macos-arm64 | 0.1-5 | 21.00 | OK | |||
r-release-macos-x86_64 | 0.1-5 | 29.00 | OK | |||
r-release-windows-x86_64 | 0.1-5 | 3.00 | 48.00 | 51.00 | OK | |
r-oldrel-macos-arm64 | 0.1-5 | 24.00 | OK | |||
r-oldrel-macos-x86_64 | 0.1-5 | 29.00 | OK | |||
r-oldrel-windows-x86_64 | 0.1-5 | 3.00 | 47.00 | 50.00 | OK |
Version: 0.1-5
Check: CRAN incoming feasibility
Result: NOTE
Maintainer: ‘Charles J. Geyer <charlie@stat.umn.edu>’
No Authors@R field in DESCRIPTION.
Please add one, modifying
Authors@R: c(person(given = "Alan",
family = "Agesti",
role = "aut",
email = "aa@stat.ufl.edu"),
person(given = c("Charles", "J."),
family = "Geyer",
role = "cre",
email = "charlie@stat.umn.edu"))
as necessary.
Flavors: r-devel-linux-x86_64-debian-clang, r-devel-linux-x86_64-debian-gcc