Last updated on 2025-11-03 21:50:15 CET.
| Flavor | Version | Tinstall | Tcheck | Ttotal | Status | Flags | 
|---|---|---|---|---|---|---|
| r-devel-linux-x86_64-debian-clang | 0.1-5 | 1.51 | 25.94 | 27.45 | NOTE | |
| r-devel-linux-x86_64-debian-gcc | 0.1-5 | 1.22 | 20.66 | 21.88 | NOTE | |
| r-devel-linux-x86_64-fedora-clang | 0.1-5 | 41.40 | OK | |||
| r-devel-linux-x86_64-fedora-gcc | 0.1-5 | 38.02 | OK | |||
| r-devel-windows-x86_64 | 0.1-5 | 3.00 | 46.00 | 49.00 | OK | |
| r-patched-linux-x86_64 | 0.1-5 | 1.83 | 23.96 | 25.79 | OK | |
| r-release-linux-x86_64 | 0.1-5 | 1.27 | 24.16 | 25.43 | OK | |
| r-release-macos-arm64 | 0.1-5 | 1.00 | 20.00 | 21.00 | OK | |
| r-release-macos-x86_64 | 0.1-5 | 2.00 | 27.00 | 29.00 | OK | |
| r-release-windows-x86_64 | 0.1-5 | 2.00 | 46.00 | 48.00 | OK | |
| r-oldrel-macos-arm64 | 0.1-5 | 1.00 | 23.00 | 24.00 | OK | |
| r-oldrel-macos-x86_64 | 0.1-5 | 1.00 | 28.00 | 29.00 | OK | |
| r-oldrel-windows-x86_64 | 0.1-5 | 3.00 | 47.00 | 50.00 | OK | 
Version: 0.1-5
Check: CRAN incoming feasibility
Result: NOTE
  Maintainer: ‘Charles J. Geyer <charlie@stat.umn.edu>’
  
  No Authors@R field in DESCRIPTION.
  Please add one, modifying
    Authors@R: c(person(given = "Alan",
                        family = "Agesti",
                        role = "aut",
                        email = "aa@stat.ufl.edu"),
                 person(given = c("Charles", "J."),
                        family = "Geyer",
                        role = "cre",
                        email = "charlie@stat.umn.edu"))
  as necessary.
Flavors: r-devel-linux-x86_64-debian-clang, r-devel-linux-x86_64-debian-gcc