Last updated on 2023-11-30 20:48:31 CET.
Flavor | Version | Tinstall | Tcheck | Ttotal | Status | Flags |
---|---|---|---|---|---|---|
r-devel-linux-x86_64-debian-clang | 0.3 | 108.31 | 141.67 | 249.98 | NOTE | |
r-devel-linux-x86_64-debian-gcc | 0.3 | 69.39 | 104.73 | 174.12 | NOTE | |
r-devel-linux-x86_64-fedora-clang | 0.3 | 331.71 | NOTE | |||
r-devel-linux-x86_64-fedora-gcc | 0.3 | 330.01 | NOTE | |||
r-devel-windows-x86_64 | 0.3 | 82.00 | 148.00 | 230.00 | NOTE | |
r-patched-linux-x86_64 | 0.3 | 64.01 | 132.81 | 196.82 | NOTE | |
r-release-linux-x86_64 | 0.3 | 67.31 | 130.79 | 198.10 | NOTE | |
r-release-macos-arm64 | 0.3 | 98.00 | NOTE | |||
r-release-macos-x86_64 | 0.3 | 173.00 | NOTE | |||
r-release-windows-x86_64 | 0.3 | 108.00 | 171.00 | 279.00 | NOTE | |
r-oldrel-macos-arm64 | 0.3 | 73.00 | NOTE | |||
r-oldrel-macos-x86_64 | 0.3 | 116.00 | NOTE | |||
r-oldrel-windows-x86_64 | 0.3 | 102.00 | 168.00 | 270.00 | NOTE |
Version: 0.3
Check: for GNU extensions in Makefiles
Result: NOTE
GNU make is a SystemRequirements.
Flavors: r-devel-linux-x86_64-debian-clang, r-devel-linux-x86_64-debian-gcc, r-devel-linux-x86_64-fedora-clang, r-devel-linux-x86_64-fedora-gcc, r-devel-windows-x86_64, r-patched-linux-x86_64, r-release-linux-x86_64, r-release-macos-arm64, r-release-macos-x86_64, r-release-windows-x86_64, r-oldrel-macos-arm64, r-oldrel-macos-x86_64, r-oldrel-windows-x86_64