Last updated on 2025-02-20 19:51:27 CET.
Flavor | Version | Tinstall | Tcheck | Ttotal | Status | Flags |
---|---|---|---|---|---|---|
r-devel-linux-x86_64-debian-clang | 0.3 | 64.47 | 115.19 | 179.66 | NOTE | |
r-devel-linux-x86_64-debian-gcc | 0.3 | 44.51 | 82.66 | 127.17 | NOTE | |
r-devel-linux-x86_64-fedora-clang | 0.3 | 315.89 | NOTE | |||
r-devel-linux-x86_64-fedora-gcc | 0.3 | 290.86 | NOTE | |||
r-devel-macos-arm64 | 0.3 | 89.00 | OK | |||
r-devel-macos-x86_64 | 0.3 | 144.00 | NOTE | |||
r-devel-windows-x86_64 | 0.3 | 69.00 | 136.00 | 205.00 | NOTE | |
r-patched-linux-x86_64 | 0.3 | 60.81 | 104.71 | 165.52 | NOTE | |
r-release-linux-x86_64 | 0.3 | 59.09 | 105.13 | 164.22 | NOTE | |
r-release-macos-arm64 | 0.3 | 50.00 | NOTE | |||
r-release-macos-x86_64 | 0.3 | 80.00 | NOTE | |||
r-release-windows-x86_64 | 0.3 | 67.00 | 140.00 | 207.00 | NOTE | |
r-oldrel-macos-arm64 | 0.3 | 98.00 | NOTE | |||
r-oldrel-macos-x86_64 | 0.3 | 173.00 | NOTE | |||
r-oldrel-windows-x86_64 | 0.3 | 92.00 | 182.00 | 274.00 | NOTE |
Version: 0.3
Check: DESCRIPTION meta-information
Result: NOTE
Missing dependency on R >= 4.1.0 because package code uses the pipe
|> or function shorthand \(...) syntax added in R 4.1.0.
File(s) using such syntax:
‘CBRBase.R’ ‘RFModel.R’ ‘RegressionModel.R’ ‘distance.R’
‘generate_grid.R’ ‘utils.R’
Flavors: r-devel-linux-x86_64-debian-clang, r-devel-linux-x86_64-debian-gcc, r-devel-linux-x86_64-fedora-clang, r-devel-linux-x86_64-fedora-gcc, r-devel-macos-x86_64, r-devel-windows-x86_64
Version: 0.3
Check: for GNU extensions in Makefiles
Result: NOTE
GNU make is a SystemRequirements.
Flavors: r-patched-linux-x86_64, r-release-linux-x86_64, r-release-macos-arm64, r-release-macos-x86_64, r-release-windows-x86_64, r-oldrel-macos-arm64, r-oldrel-macos-x86_64, r-oldrel-windows-x86_64