CRAN Package Check Results for Package CTP

Last updated on 2022-10-04 21:53:37 CEST.

Flavor Version Tinstall Tcheck Ttotal Status Flags
r-devel-linux-x86_64-debian-clang 3.0.1 18.78 163.44 182.22 OK
r-devel-linux-x86_64-debian-gcc 3.0.1 13.33 117.59 130.92 OK
r-devel-linux-x86_64-fedora-clang 3.0.1 243.16 NOTE
r-devel-linux-x86_64-fedora-gcc 3.0.1 223.84 NOTE
r-devel-windows-x86_64 3.0.1 26.00 180.00 206.00 OK
r-patched-linux-x86_64 3.0.1 16.65 148.82 165.47 OK
r-release-linux-x86_64 3.0.1 14.08 153.04 167.12 OK
r-release-macos-arm64 3.0.1 57.00 NOTE
r-release-macos-x86_64 3.0.1 101.00 NOTE
r-release-windows-x86_64 3.0.1 32.00 178.00 210.00 OK
r-oldrel-macos-arm64 3.0.1 73.00 NOTE
r-oldrel-macos-x86_64 3.0.1 100.00 NOTE
r-oldrel-windows-ix86+x86_64 3.0.1 38.00 180.00 218.00 OK

Check Details

Version: 3.0.1
Check: dependencies in R code
Result: NOTE
    Namespace in Imports field not imported from: ‘MASS’
     All declared Imports should be used.
Flavors: r-devel-linux-x86_64-fedora-clang, r-devel-linux-x86_64-fedora-gcc, r-release-macos-arm64, r-release-macos-x86_64, r-oldrel-macos-arm64, r-oldrel-macos-x86_64