CRAN Package Check Results for Package CTD

Last updated on 2025-04-15 21:50:33 CEST.

Flavor Version Tinstall Tcheck Ttotal Status Flags
r-devel-linux-x86_64-debian-clang 1.3 5.41 63.96 69.37 OK
r-devel-linux-x86_64-debian-gcc 1.3 3.96 42.91 46.87 OK
r-devel-linux-x86_64-fedora-clang 1.3 107.71 OK
r-devel-linux-x86_64-fedora-gcc 1.3 104.89 OK
r-devel-windows-x86_64 1.3 7.00 79.00 86.00 OK
r-patched-linux-x86_64 1.3 5.72 60.86 66.58 OK
r-release-linux-x86_64 1.3 5.40 59.16 64.56 OK
r-release-macos-arm64 1.3 38.00 OK
r-release-macos-x86_64 1.3 61.00 OK
r-release-windows-x86_64 1.3 7.00 81.00 88.00 OK
r-oldrel-macos-arm64 1.3 37.00 OK
r-oldrel-macos-x86_64 1.3 92.00 NOTE
r-oldrel-windows-x86_64 1.3 8.00 94.00 102.00 OK

Check Details

Version: 1.3
Check: installed package size
Result: NOTE installed size is 5.3Mb sub-directories of 1Mb or more: data 4.7Mb Flavor: r-oldrel-macos-x86_64