Last updated on 2025-05-07 20:49:41 CEST.
Flavor | Version | Tinstall | Tcheck | Ttotal | Status | Flags |
---|---|---|---|---|---|---|
r-devel-linux-x86_64-debian-clang | 1.0.0 | 168.40 | 468.46 | 636.86 | OK | |
r-devel-linux-x86_64-debian-gcc | 1.0.0 | 122.94 | 341.58 | 464.52 | OK | |
r-devel-linux-x86_64-fedora-clang | 1.0.0 | 1120.34 | OK | |||
r-devel-linux-x86_64-fedora-gcc | 1.0.0 | 1041.40 | OK | |||
r-devel-windows-x86_64 | 1.0.0 | 181.00 | 381.00 | 562.00 | OK | |
r-patched-linux-x86_64 | 1.0.0 | 156.07 | 434.88 | 590.95 | OK | |
r-release-linux-x86_64 | 1.0.0 | 151.75 | 435.08 | 586.83 | OK | |
r-release-macos-arm64 | 1.0.0 | 238.00 | WARN | |||
r-release-macos-x86_64 | 1.0.0 | 520.00 | WARN | |||
r-release-windows-x86_64 | 1.0.0 | 174.00 | 379.00 | 553.00 | OK | |
r-oldrel-macos-arm64 | 1.0.0 | 213.00 | WARN | |||
r-oldrel-macos-x86_64 | 1.0.0 | 425.00 | WARN | |||
r-oldrel-windows-x86_64 | 1.0.0 | 220.00 | 513.00 | 733.00 | OK |
Version: 1.0.0
Check: whether package can be installed
Result: WARN
Found the following significant warnings:
all_functions.cpp:1382:11: warning: explicitly assigning value of variable of type 'arma::vec' (aka 'Col<double>') to itself [-Wself-assign-overloaded]
See ‘/Volumes/Builds/packages/big-sur-arm64/results/4.5/CSeQTL.Rcheck/00install.out’ for details.
* used C++ compiler: ‘Apple clang version 14.0.0 (clang-1400.0.29.202)’
* used SDK: ‘MacOSX11.3.sdk’
Flavor: r-release-macos-arm64
Version: 1.0.0
Check: whether package can be installed
Result: WARN
Found the following significant warnings:
all_functions.cpp:1382:11: warning: explicitly assigning value of variable of type 'arma::vec' (aka 'Col<double>') to itself [-Wself-assign-overloaded]
See ‘/Volumes/Builds/packages/big-sur-x86_64/results/4.5/CSeQTL.Rcheck/00install.out’ for details.
* used C++ compiler: ‘Apple clang version 14.0.3 (clang-1403.0.22.14.1)’
* used SDK: ‘MacOSX11.3.sdk’
Flavor: r-release-macos-x86_64
Version: 1.0.0
Check: whether package can be installed
Result: WARN
Found the following significant warnings:
all_functions.cpp:1382:11: warning: explicitly assigning value of variable of type 'arma::vec' (aka 'Col<double>') to itself [-Wself-assign-overloaded]
See ‘/Volumes/Builds/packages/big-sur-arm64/results/4.4/CSeQTL.Rcheck/00install.out’ for details.
* used C++ compiler: ‘Apple clang version 14.0.0 (clang-1400.0.29.202)’
* used SDK: ‘MacOSX11.3.sdk’
Flavor: r-oldrel-macos-arm64
Version: 1.0.0
Check: installed package size
Result: NOTE
installed size is 10.2Mb
sub-directories of 1Mb or more:
doc 1.2Mb
libs 8.8Mb
Flavors: r-oldrel-macos-arm64, r-oldrel-macos-x86_64
Version: 1.0.0
Check: whether package can be installed
Result: WARN
Found the following significant warnings:
all_functions.cpp:1382:11: warning: explicitly assigning value of variable of type 'arma::vec' (aka 'Col<double>') to itself [-Wself-assign-overloaded]
See ‘/Volumes/Builds/packages/big-sur-x86_64/results/4.4/CSeQTL.Rcheck/00install.out’ for details.
* used C++ compiler: ‘Apple clang version 14.0.3 (clang-1403.0.22.14.1)’
* used SDK: ‘MacOSX11.3.sdk’
Flavor: r-oldrel-macos-x86_64