Last updated on 2024-04-23 20:52:00 CEST.
Flavor | Version | Tinstall | Tcheck | Ttotal | Status | Flags |
---|---|---|---|---|---|---|
r-devel-linux-x86_64-debian-clang | 5.2.0 | 53.13 | 284.51 | 337.64 | OK | |
r-devel-linux-x86_64-debian-gcc | 5.2.0 | 43.65 | 197.48 | 241.13 | OK | |
r-devel-linux-x86_64-fedora-clang | 5.2.0 | 419.33 | NOTE | |||
r-devel-linux-x86_64-fedora-gcc | 5.2.0 | 409.51 | OK | |||
r-prerel-macos-arm64 | 5.2.0 | 110.00 | OK | |||
r-prerel-macos-x86_64 | 5.2.0 | 243.00 | OK | |||
r-prerel-windows-x86_64 | 5.2.0 | 52.00 | 212.00 | 264.00 | OK | |
r-patched-linux-x86_64 | 5.2.0 | 52.98 | 263.80 | 316.78 | OK | |
r-release-linux-x86_64 | 5.2.0 | 44.15 | 268.98 | 313.13 | OK | |
r-release-macos-arm64 | 5.2.0 | 119.00 | OK | |||
r-release-macos-x86_64 | 5.2.0 | 240.00 | OK | |||
r-release-windows-x86_64 | 5.2.0 | 66.00 | 270.00 | 336.00 | OK | |
r-oldrel-macos-arm64 | 5.2.0 | 119.00 | OK | |||
r-oldrel-windows-x86_64 | 5.2.0 | 63.00 | 261.00 | 324.00 | OK |
Version: 5.2.0
Check: installed package size
Result: NOTE
installed size is 6.6Mb
sub-directories of 1Mb or more:
data 1.9Mb
doc 1.6Mb
libs 2.2Mb
Flavor: r-devel-linux-x86_64-fedora-clang