Last updated on 2025-05-06 20:50:37 CEST.
Flavor | Version | Tinstall | Tcheck | Ttotal | Status | Flags |
---|---|---|---|---|---|---|
r-devel-linux-x86_64-debian-clang | 1.3.2 | 9.02 | 115.89 | 124.91 | OK | |
r-devel-linux-x86_64-debian-gcc | 1.3.2 | 6.18 | 77.73 | 83.91 | OK | |
r-devel-linux-x86_64-fedora-clang | 1.3.2 | 254.31 | OK | |||
r-devel-linux-x86_64-fedora-gcc | 1.3.2 | 270.22 | OK | |||
r-devel-windows-x86_64 | 1.3.2 | 12.00 | 176.00 | 188.00 | OK | |
r-patched-linux-x86_64 | 1.3.2 | 11.55 | 105.01 | 116.56 | OK | |
r-release-linux-x86_64 | 1.3.2 | 10.61 | 102.27 | 112.88 | OK | |
r-release-macos-arm64 | 1.3.2 | 59.00 | OK | |||
r-release-macos-x86_64 | 1.3.2 | 116.00 | OK | |||
r-release-windows-x86_64 | 1.3.2 | 13.00 | 170.00 | 183.00 | OK | |
r-oldrel-macos-arm64 | 1.3.2 | 77.00 | NOTE | |||
r-oldrel-macos-x86_64 | 1.3.2 | 119.00 | NOTE | |||
r-oldrel-windows-x86_64 | 1.3.2 | 16.00 | 214.00 | 230.00 | OK |
Version: 1.3.2
Check: package dependencies
Result: NOTE
Package suggested but not available for checking: ‘INLA’
Flavors: r-oldrel-macos-arm64, r-oldrel-macos-x86_64