CRAN Package Check Results for Package CREAM

Last updated on 2025-11-02 23:49:33 CET.

Flavor Version Tinstall Tcheck Ttotal Status Flags
r-devel-linux-x86_64-debian-clang 1.1.1 1.44 23.90 25.34 OK
r-devel-linux-x86_64-debian-gcc 1.1.1 1.40 19.38 20.78 OK
r-devel-linux-x86_64-fedora-clang 1.1.1 35.65 OK
r-devel-linux-x86_64-fedora-gcc 1.1.1 34.00 OK
r-devel-windows-x86_64 1.1.1 4.00 46.00 50.00 OK
r-patched-linux-x86_64 1.1.1 1.82 21.28 23.10 OK
r-release-linux-x86_64 1.1.1 1.77 21.25 23.02 OK
r-release-macos-arm64 1.1.1 1.00 16.00 17.00 OK
r-release-macos-x86_64 1.1.1 3.00 33.00 36.00 OK
r-release-windows-x86_64 1.1.1 3.00 45.00 48.00 OK
r-oldrel-macos-arm64 1.1.1 1.00 14.00 15.00 NOTE
r-oldrel-macos-x86_64 1.1.1 2.00 23.00 25.00 NOTE
r-oldrel-windows-x86_64 1.1.1 3.00 49.00 52.00 NOTE

Check Details

Version: 1.1.1
Check: LazyData
Result: NOTE 'LazyData' is specified without a 'data' directory Flavors: r-oldrel-macos-arm64, r-oldrel-macos-x86_64, r-oldrel-windows-x86_64