CRAN Package Check Results for Package CPGLIB

Last updated on 2024-07-22 20:55:40 CEST.

Flavor Version Tinstall Tcheck Ttotal Status Flags
r-devel-linux-x86_64-debian-clang 1.1.1 123.53 37.92 161.45 OK
r-devel-linux-x86_64-debian-gcc 1.1.1 82.68 29.34 112.02 OK
r-devel-linux-x86_64-fedora-clang 1.1.1 287.37 OK
r-devel-linux-x86_64-fedora-gcc 1.1.1 245.18 OK
r-devel-windows-x86_64 1.1.1 102.00 78.00 180.00 NOTE
r-patched-linux-x86_64 1.1.1 121.76 37.67 159.43 OK
r-release-linux-x86_64 1.1.1 96.95 37.44 134.39 OK
r-release-macos-arm64 1.1.1 58.00 NOTE
r-release-macos-x86_64 1.1.1 68.00 NOTE
r-release-windows-x86_64 1.1.1 123.00 77.00 200.00 NOTE
r-oldrel-macos-arm64 1.1.1 66.00 NOTE
r-oldrel-macos-x86_64 1.1.1 122.00 NOTE
r-oldrel-windows-x86_64 1.1.1 153.00 81.00 234.00 NOTE

Check Details

Version: 1.1.1
Check: C++ specification
Result: NOTE Specified C++11: please drop specification unless essential Flavors: r-devel-windows-x86_64, r-release-windows-x86_64, r-oldrel-windows-x86_64

Version: 1.1.1
Check: installed package size
Result: NOTE installed size is 5.2Mb sub-directories of 1Mb or more: libs 5.0Mb Flavors: r-release-macos-arm64, r-release-macos-x86_64, r-oldrel-macos-arm64, r-oldrel-macos-x86_64