CRAN Package Check Results for Package CPBayes

Last updated on 2025-11-02 23:49:33 CET.

Flavor Version Tinstall Tcheck Ttotal Status Flags
r-devel-linux-x86_64-debian-clang 1.1.0 4.58 74.84 79.42 NOTE
r-devel-linux-x86_64-debian-gcc 1.1.0 2.63 49.22 51.85 NOTE
r-devel-linux-x86_64-fedora-clang 1.1.0 123.36 OK
r-devel-linux-x86_64-fedora-gcc 1.1.0 131.27 OK
r-devel-windows-x86_64 1.1.0 5.00 84.00 89.00 OK
r-patched-linux-x86_64 1.1.0 4.51 69.54 74.05 OK
r-release-linux-x86_64 1.1.0 4.14 69.56 73.70 OK
r-release-macos-arm64 1.1.0 3.00 52.00 55.00 OK
r-release-macos-x86_64 1.1.0 5.00 86.00 91.00 OK
r-release-windows-x86_64 1.1.0 5.00 83.00 88.00 OK
r-oldrel-macos-arm64 1.1.0 2.00 39.00 41.00 OK
r-oldrel-macos-x86_64 1.1.0 3.00 62.00 65.00 OK
r-oldrel-windows-x86_64 1.1.0 7.00 103.00 110.00 OK

Check Details

Version: 1.1.0
Check: CRAN incoming feasibility
Result: NOTE Maintainer: ‘Arunabha Majumdar <statgen.arunabha@gmail.com>’ No Authors@R field in DESCRIPTION. Please add one, modifying Authors@R: c(person(given = "Arunabha", family = "Majumdar", role = c("aut", "cre"), email = "statgen.arunabha@gmail.com"), person(given = "Tanushree", family = "Haldar", role = "aut", email = "tanushree.haldar@gmail.com"), person(given = "John", family = "Witte", role = "ctb")) as necessary. Flavors: r-devel-linux-x86_64-debian-clang, r-devel-linux-x86_64-debian-gcc