Last updated on 2024-03-28 19:48:28 CET.
Flavor | Version | Tinstall | Tcheck | Ttotal | Status | Flags |
---|---|---|---|---|---|---|
r-devel-linux-x86_64-debian-clang | 1.3.4 | 3.81 | 57.73 | 61.54 | NOTE | |
r-devel-linux-x86_64-debian-gcc | 1.3.4 | 2.74 | 42.86 | 45.60 | NOTE | |
r-devel-linux-x86_64-fedora-clang | 1.3.4 | 78.61 | NOTE | |||
r-devel-linux-x86_64-fedora-gcc | 1.3.4 | 74.82 | NOTE | |||
r-devel-windows-x86_64 | 1.3.4 | 5.00 | 85.00 | 90.00 | NOTE | |
r-patched-linux-x86_64 | 1.3.4 | 3.59 | 55.46 | 59.05 | NOTE | |
r-release-linux-x86_64 | 1.3.4 | 3.49 | 55.42 | 58.91 | OK | |
r-release-macos-arm64 | 1.3.4 | 28.00 | OK | |||
r-release-macos-x86_64 | 1.3.4 | 44.00 | OK | |||
r-release-windows-x86_64 | 1.3.4 | 5.00 | 86.00 | 91.00 | OK | |
r-oldrel-macos-arm64 | 1.3.4 | 30.00 | OK | |||
r-oldrel-windows-x86_64 | 1.3.4 | 5.00 | 89.00 | 94.00 | OK |
Version: 1.3.4
Check: Rd files
Result: NOTE
checkRd: (-1) fasttrakg.Rd:18: Lost braces
18 | \item{\code{killip}}{Killip level of cardiac event severity (1-4)age75}{1= Age>75; 0=Age<=75}
| ^
Flavors: r-devel-linux-x86_64-debian-clang, r-devel-linux-x86_64-debian-gcc, r-devel-linux-x86_64-fedora-clang, r-devel-linux-x86_64-fedora-gcc, r-devel-windows-x86_64, r-patched-linux-x86_64