Last updated on 2024-07-17 20:56:57 CEST.
Flavor | Version | Tinstall | Tcheck | Ttotal | Status | Flags |
---|---|---|---|---|---|---|
r-devel-linux-x86_64-debian-clang | 1.57.3 | 74.47 | 56.93 | 131.40 | NOTE | |
r-devel-linux-x86_64-debian-gcc | 1.57.3 | 56.76 | 42.29 | 99.05 | NOTE | |
r-devel-linux-x86_64-fedora-clang | 1.57.3 | 156.64 | NOTE | |||
r-devel-linux-x86_64-fedora-gcc | 1.57.3 | 192.60 | NOTE | |||
r-devel-windows-x86_64 | 1.57.3 | 83.00 | 84.00 | 167.00 | NOTE | |
r-patched-linux-x86_64 | 1.57.3 | 74.45 | 55.67 | 130.12 | NOTE | |
r-release-linux-x86_64 | 1.57.3 | 71.88 | 56.35 | 128.23 | NOTE | |
r-release-macos-arm64 | 1.57.3 | 42.00 | NOTE | |||
r-release-macos-x86_64 | 1.57.3 | 69.00 | NOTE | |||
r-release-windows-x86_64 | 1.57.3 | 84.00 | 86.00 | 170.00 | NOTE | |
r-oldrel-macos-arm64 | 1.57.3 | 51.00 | OK | |||
r-oldrel-macos-x86_64 | 1.57.3 | 79.00 | OK | |||
r-oldrel-windows-x86_64 | 1.57.3 | 80.00 | 93.00 | 173.00 | OK |
Version: 1.57.3
Check: Rd files
Result: NOTE
checkRd: (-1) cvGen.Rd:29: Lost braces
29 | The function code{gatherFromList} returns a list with components containing elements of the same name.
| ^
Flavors: r-devel-linux-x86_64-debian-clang, r-devel-linux-x86_64-debian-gcc, r-devel-linux-x86_64-fedora-clang, r-devel-linux-x86_64-fedora-gcc, r-devel-windows-x86_64, r-patched-linux-x86_64, r-release-linux-x86_64, r-release-macos-arm64, r-release-macos-x86_64, r-release-windows-x86_64
Version: 1.57.3
Check: Rd cross-references
Result: NOTE
Found the following Rd file(s) with Rd \link{} targets missing package
anchors:
getRpartModel.Rd: rpart.object
plot.CoreModel.Rd: rpart.plot, rpart.object, plot.rpart, pam
rfClustering.Rd: pam
Please provide package anchors for all Rd \link{} targets not in the
package itself and the base packages.
Flavor: r-devel-windows-x86_64