CRAN Package Check Results for Package COMIX

Last updated on 2022-09-24 21:50:59 CEST.

Flavor Version Tinstall Tcheck Ttotal Status Flags
r-devel-linux-x86_64-debian-clang 0.1.6 161.57 54.94 216.51 OK
r-devel-linux-x86_64-debian-gcc 0.1.6 129.50 37.69 167.19 OK
r-devel-linux-x86_64-fedora-clang 0.1.6 297.04 OK
r-devel-linux-x86_64-fedora-gcc 0.1.6 287.56 OK
r-devel-windows-x86_64 0.1.6 187.00 110.00 297.00 OK
r-patched-linux-x86_64 0.1.6 142.92 47.68 190.60 OK
r-release-linux-x86_64 0.1.6 134.92 47.43 182.35 OK
r-release-macos-arm64 0.1.6 78.00 NOTE
r-release-macos-x86_64 0.1.6 87.00 NOTE
r-release-windows-x86_64 0.1.6 106.00 105.00 211.00 OK
r-oldrel-macos-arm64 0.1.6 80.00 NOTE
r-oldrel-macos-x86_64 0.1.6 88.00 NOTE
r-oldrel-windows-ix86+x86_64 0.1.6 368.00 86.00 454.00 OK

Check Details

Version: 0.1.6
Check: installed package size
Result: NOTE
     installed size is 15.1Mb
     sub-directories of 1Mb or more:
     libs 14.8Mb
Flavors: r-release-macos-arm64, r-release-macos-x86_64, r-oldrel-macos-arm64, r-oldrel-macos-x86_64