Last updated on 2024-04-22 20:53:33 CEST.
Flavor | Version | Tinstall | Tcheck | Ttotal | Status | Flags |
---|---|---|---|---|---|---|
r-devel-linux-x86_64-debian-clang | 1.0.0 | 158.95 | 85.93 | 244.88 | NOTE | |
r-devel-linux-x86_64-debian-gcc | 1.0.0 | 130.55 | 63.20 | 193.75 | NOTE | |
r-devel-linux-x86_64-fedora-clang | 1.0.0 | 341.62 | NOTE | |||
r-devel-linux-x86_64-fedora-gcc | 1.0.0 | 371.26 | NOTE | |||
r-prerel-macos-arm64 | 1.0.0 | 76.00 | NOTE | |||
r-prerel-windows-x86_64 | 1.0.0 | 126.00 | 109.00 | 235.00 | NOTE | |
r-patched-linux-x86_64 | 1.0.0 | 161.59 | 82.24 | 243.83 | NOTE | |
r-release-linux-x86_64 | 1.0.0 | 161.61 | 79.97 | 241.58 | NOTE | |
r-release-macos-arm64 | 1.0.0 | 88.00 | NOTE | |||
r-release-macos-x86_64 | 1.0.0 | 156.00 | NOTE | |||
r-release-windows-x86_64 | 1.0.0 | 154.00 | 123.00 | 277.00 | NOTE | |
r-oldrel-macos-arm64 | 1.0.0 | 80.00 | NOTE | |||
r-oldrel-windows-x86_64 | 1.0.0 | 156.00 | 117.00 | 273.00 | OK |
Version: 1.0.0
Check: C++ specification
Result: NOTE
Specified C++11: please drop specification unless essential
Flavors: r-devel-linux-x86_64-debian-clang, r-devel-linux-x86_64-debian-gcc, r-devel-linux-x86_64-fedora-clang, r-devel-linux-x86_64-fedora-gcc, r-prerel-macos-arm64, r-prerel-windows-x86_64, r-patched-linux-x86_64, r-release-linux-x86_64, r-release-macos-arm64, r-release-macos-x86_64, r-release-windows-x86_64
Version: 1.0.0
Check: installed package size
Result: NOTE
installed size is 16.2Mb
sub-directories of 1Mb or more:
doc 1.8Mb
libs 14.2Mb
Flavors: r-prerel-macos-arm64, r-release-macos-arm64, r-release-macos-x86_64, r-oldrel-macos-arm64