Last updated on 2024-04-18 21:56:47 CEST.
Flavor | Version | Tinstall | Tcheck | Ttotal | Status | Flags |
---|---|---|---|---|---|---|
r-devel-linux-x86_64-debian-clang | 1.0.0 | 1.58 | 23.09 | 24.67 | OK | |
r-devel-linux-x86_64-debian-gcc | 1.0.0 | 1.62 | 17.58 | 19.20 | OK | |
r-devel-linux-x86_64-fedora-clang | 1.0.0 | 31.90 | NOTE | |||
r-devel-linux-x86_64-fedora-gcc | 1.0.0 | 29.80 | NOTE | |||
r-prerel-macos-arm64 | 1.0.0 | 15.00 | OK | |||
r-prerel-windows-x86_64 | 1.0.0 | 3.00 | 39.00 | 42.00 | OK | |
r-patched-linux-x86_64 | 1.0.0 | 1.52 | 22.71 | 24.23 | OK | |
r-release-linux-x86_64 | 1.0.0 | 1.93 | 22.12 | 24.05 | OK | |
r-release-macos-arm64 | 1.0.0 | 15.00 | OK | |||
r-release-macos-x86_64 | 1.0.0 | 20.00 | OK | |||
r-release-windows-x86_64 | 1.0.0 | 3.00 | 38.00 | 41.00 | OK | |
r-oldrel-macos-arm64 | 1.0.0 | 15.00 | OK | |||
r-oldrel-windows-x86_64 | 1.0.0 | 3.00 | 43.00 | 46.00 | OK |
Version: 1.0.0
Check: data for non-ASCII characters
Result: NOTE
Note: found 2 marked UTF-8 strings
Flavors: r-devel-linux-x86_64-fedora-clang, r-devel-linux-x86_64-fedora-gcc