Last updated on 2024-04-24 20:54:02 CEST.
Flavor | Version | Tinstall | Tcheck | Ttotal | Status | Flags |
---|---|---|---|---|---|---|
r-devel-linux-x86_64-debian-clang | 3.7.2 | 77.85 | 807.68 | 885.53 | NOTE | |
r-devel-linux-x86_64-debian-gcc | 3.7.2 | 71.41 | 596.12 | 667.53 | NOTE | |
r-devel-linux-x86_64-fedora-clang | 3.7.2 | 1191.18 | NOTE | |||
r-devel-linux-x86_64-fedora-gcc | 3.7.2 | 1110.75 | NOTE | |||
r-devel-windows-x86_64 | 3.7.2 | 72.00 | 544.00 | 616.00 | NOTE | |
r-patched-linux-x86_64 | 3.7.2 | 61.90 | 761.16 | 823.06 | NOTE | |
r-release-linux-x86_64 | 3.7.2 | 81.23 | 787.84 | 869.07 | NOTE | |
r-release-macos-arm64 | 3.7.2 | 5.00 | ERROR | |||
r-release-macos-x86_64 | 3.7.2 | 573.00 | NOTE | |||
r-release-windows-x86_64 | 3.7.2 | 65.00 | 534.00 | 599.00 | NOTE | |
r-oldrel-macos-arm64 | 3.7.2 | 10.00 | ERROR | |||
r-oldrel-macos-x86_64 | 3.7.2 | 539.00 | NOTE | |||
r-oldrel-windows-x86_64 | 3.7.2 | 94.00 | 731.00 | 825.00 | NOTE |
Version: 3.7.2
Check: package dependencies
Result: NOTE
Package suggested but not available for checking: ‘HiCseg’
Flavors: r-devel-linux-x86_64-debian-clang, r-devel-linux-x86_64-debian-gcc, r-devel-linux-x86_64-fedora-clang, r-devel-linux-x86_64-fedora-gcc, r-patched-linux-x86_64, r-release-linux-x86_64
Version: 3.7.2
Check: installed package size
Result: NOTE
installed size is 5.3Mb
sub-directories of 1Mb or more:
doc 3.2Mb
extdata 1.7Mb
Flavors: r-devel-linux-x86_64-fedora-clang, r-devel-windows-x86_64, r-release-macos-x86_64, r-release-windows-x86_64, r-oldrel-macos-x86_64, r-oldrel-windows-x86_64
Version: 3.7.2
Check: dependencies in R code
Result: NOTE
Namespace in Imports field not imported from: 'Hmisc'
All declared Imports should be used.
Flavors: r-devel-linux-x86_64-fedora-clang, r-devel-linux-x86_64-fedora-gcc
Version: 3.7.2
Check: package dependencies
Result: ERROR
Package required but not available: ‘GenomicInteractions’
Packages suggested but not available for checking:
'InteractionSet', 'BSgenome.Hsapiens.UCSC.hg19'
See section ‘The DESCRIPTION file’ in the ‘Writing R Extensions’
manual.
Flavor: r-release-macos-arm64
Version: 3.7.2
Check: package dependencies
Result: NOTE
Package suggested but not available for checking: ‘BSgenome.Hsapiens.UCSC.hg19’
Flavors: r-release-macos-x86_64, r-oldrel-macos-x86_64
Version: 3.7.2
Check: package dependencies
Result: ERROR
Package required but not available: ‘GenomicInteractions’
Package suggested but not available for checking: ‘BSgenome.Hsapiens.UCSC.hg19’
See section ‘The DESCRIPTION file’ in the ‘Writing R Extensions’
manual.
Flavor: r-oldrel-macos-arm64