Last updated on 2024-04-24 20:54:02 CEST.
Flavor | Version | Tinstall | Tcheck | Ttotal | Status | Flags |
---|---|---|---|---|---|---|
r-devel-linux-x86_64-debian-clang | 1.0.0 | 175.77 | 180.06 | 355.83 | NOTE | |
r-devel-linux-x86_64-debian-gcc | 1.0.0 | 161.95 | 137.72 | 299.67 | NOTE | |
r-devel-linux-x86_64-fedora-clang | 1.0.0 | 447.38 | NOTE | |||
r-devel-linux-x86_64-fedora-gcc | 1.0.0 | 511.51 | NOTE | |||
r-devel-windows-x86_64 | 1.0.0 | 138.00 | 161.00 | 299.00 | NOTE | |
r-patched-linux-x86_64 | 1.0.0 | 187.80 | 184.40 | 372.20 | NOTE | |
r-release-linux-x86_64 | 1.0.0 | 179.60 | 181.90 | 361.50 | NOTE | |
r-release-macos-arm64 | 1.0.0 | 115.00 | NOTE | |||
r-release-windows-x86_64 | 1.0.0 | 130.00 | 163.00 | 293.00 | NOTE | |
r-oldrel-macos-arm64 | 1.0.0 | 98.00 | NOTE | |||
r-oldrel-macos-x86_64 | 1.0.0 | 173.00 | NOTE | |||
r-oldrel-windows-x86_64 | 1.0.0 | 173.00 | 193.00 | 366.00 | NOTE |
Version: 1.0.0
Check: for GNU extensions in Makefiles
Result: NOTE
GNU make is a SystemRequirements.
Flavors: r-devel-linux-x86_64-debian-clang, r-devel-linux-x86_64-debian-gcc, r-devel-linux-x86_64-fedora-clang, r-devel-linux-x86_64-fedora-gcc, r-devel-windows-x86_64, r-patched-linux-x86_64, r-release-linux-x86_64, r-release-macos-arm64, r-release-windows-x86_64, r-oldrel-macos-arm64, r-oldrel-macos-x86_64, r-oldrel-windows-x86_64
Version: 1.0.0
Check: dependencies in R code
Result: NOTE
Namespace in Imports field not imported from: ‘rstantools’
All declared Imports should be used.
Flavors: r-devel-linux-x86_64-fedora-clang, r-devel-linux-x86_64-fedora-gcc, r-oldrel-macos-arm64
Version: 1.0.0
Check: installed package size
Result: NOTE
installed size is 35.6Mb
sub-directories of 1Mb or more:
libs 35.4Mb
Flavors: r-release-macos-arm64, r-oldrel-macos-arm64, r-oldrel-macos-x86_64