Last updated on 2025-05-07 20:49:41 CEST.
Flavor | Version | Tinstall | Tcheck | Ttotal | Status | Flags |
---|---|---|---|---|---|---|
r-devel-linux-x86_64-debian-clang | 4.5.1 | 8.11 | 35.63 | 43.74 | NOTE | |
r-devel-linux-x86_64-debian-gcc | 4.5.1 | 5.05 | 24.61 | 29.66 | NOTE | |
r-devel-linux-x86_64-fedora-clang | 4.5.1 | 70.82 | OK | |||
r-devel-linux-x86_64-fedora-gcc | 4.5.1 | 65.74 | OK | |||
r-devel-windows-x86_64 | 4.5.1 | 8.00 | 47.00 | 55.00 | OK | |
r-patched-linux-x86_64 | 4.5.1 | 8.42 | 33.39 | 41.81 | OK | |
r-release-linux-x86_64 | 4.5.1 | 8.13 | 33.27 | 41.40 | OK | |
r-release-macos-arm64 | 4.5.1 | 24.00 | OK | |||
r-release-macos-x86_64 | 4.5.1 | 63.00 | OK | |||
r-release-windows-x86_64 | 4.5.1 | 8.00 | 47.00 | 55.00 | OK | |
r-oldrel-macos-arm64 | 4.5.1 | 28.00 | OK | |||
r-oldrel-macos-x86_64 | 4.5.1 | 35.00 | OK | |||
r-oldrel-windows-x86_64 | 4.5.1 | 8.00 | 47.00 | 55.00 | OK |
Version: 4.5.1
Check: CRAN incoming feasibility
Result: NOTE
Maintainer: ‘LiLin-Yin <ylilin@163.com>’
No Authors@R field in DESCRIPTION.
Please add one, modifying
Authors@R: person(family = "LiLin-Yin",
role = c("aut", "cre"),
email = "ylilin@163.com")
as necessary.
The BugReports field in DESCRIPTION has
https://github.com/YinLiLin/CMplot/issues/new
which should likely be
https://github.com/YinLiLin/CMplot/issues/new/issues
instead.
Flavors: r-devel-linux-x86_64-debian-clang, r-devel-linux-x86_64-debian-gcc