CRAN Package Check Results for Package CMapViz

Last updated on 2025-02-16 20:50:30 CET.

Flavor Version Tinstall Tcheck Ttotal Status Flags
r-devel-linux-x86_64-debian-clang 0.1.0 5.41 41.78 47.19 OK
r-devel-linux-x86_64-debian-gcc 0.1.0 3.89 31.32 35.21 OK
r-devel-linux-x86_64-fedora-clang 0.1.0 76.30 OK
r-devel-linux-x86_64-fedora-gcc 0.1.0 70.11 OK
r-devel-macos-arm64 0.1.0 27.00 OK
r-devel-macos-x86_64 0.1.0 49.00 OK
r-devel-windows-x86_64 0.1.0 7.00 62.00 69.00 OK
r-patched-linux-x86_64 0.1.0 4.84 39.21 44.05 NOTE
r-release-linux-x86_64 0.1.0 4.96 39.42 44.38 NOTE
r-release-macos-arm64 0.1.0 26.00 NOTE
r-release-macos-x86_64 0.1.0 41.00 NOTE
r-release-windows-x86_64 0.1.0 7.00 58.00 65.00 NOTE
r-oldrel-macos-arm64 0.1.0 27.00 NOTE
r-oldrel-macos-x86_64 0.1.0 38.00 NOTE
r-oldrel-windows-x86_64 0.1.0 9.00 66.00 75.00 NOTE

Check Details

Version: 0.1.0
Check: LazyData
Result: NOTE 'LazyData' is specified without a 'data' directory Flavors: r-patched-linux-x86_64, r-release-linux-x86_64, r-release-macos-arm64, r-release-macos-x86_64, r-release-windows-x86_64, r-oldrel-macos-arm64, r-oldrel-macos-x86_64, r-oldrel-windows-x86_64