Last updated on 2024-03-28 19:48:27 CET.
Flavor | Version | Tinstall | Tcheck | Ttotal | Status | Flags |
---|---|---|---|---|---|---|
r-devel-linux-x86_64-debian-clang | 0.1.3 | 47.71 | 196.30 | 244.01 | OK | |
r-devel-linux-x86_64-debian-gcc | 0.1.3 | 37.11 | 144.18 | 181.29 | OK | |
r-devel-linux-x86_64-fedora-clang | 0.1.3 | 303.69 | NOTE | |||
r-devel-linux-x86_64-fedora-gcc | 0.1.3 | 309.44 | OK | |||
r-devel-windows-x86_64 | 0.1.3 | 37.00 | 169.00 | 206.00 | NOTE | |
r-patched-linux-x86_64 | 0.1.3 | 32.47 | 187.24 | 219.71 | OK | |
r-release-linux-x86_64 | 0.1.3 | 30.97 | 184.24 | 215.21 | OK | |
r-release-macos-arm64 | 0.1.3 | 99.00 | NOTE | |||
r-release-macos-x86_64 | 0.1.3 | 144.00 | NOTE | |||
r-release-windows-x86_64 | 0.1.3 | 49.00 | 217.00 | 266.00 | NOTE | |
r-oldrel-macos-arm64 | 0.1.3 | 89.00 | NOTE | |||
r-oldrel-windows-x86_64 | 0.1.3 | 48.00 | 210.00 | 258.00 | NOTE |
Version: 0.1.3
Check: installed package size
Result: NOTE
installed size is 6.0Mb
sub-directories of 1Mb or more:
data 1.1Mb
doc 3.6Mb
help 1.0Mb
Flavors: r-devel-linux-x86_64-fedora-clang, r-devel-windows-x86_64, r-release-macos-arm64, r-release-macos-x86_64, r-release-windows-x86_64, r-oldrel-macos-arm64, r-oldrel-windows-x86_64