Last updated on 2025-11-22 19:50:24 CET.
| Flavor | Version | Tinstall | Tcheck | Ttotal | Status | Flags |
|---|---|---|---|---|---|---|
| r-devel-linux-x86_64-debian-clang | 0.1.0 | 2.96 | 32.31 | 35.27 | NOTE | |
| r-devel-linux-x86_64-debian-gcc | 0.1.0 | 2.18 | 26.33 | 28.51 | NOTE | |
| r-devel-linux-x86_64-fedora-clang | 0.1.0 | 55.26 | OK | |||
| r-devel-windows-x86_64 | 0.1.0 | 6.00 | 62.00 | 68.00 | OK | |
| r-patched-linux-x86_64 | 0.1.0 | 2.82 | 33.74 | 36.56 | OK | |
| r-release-linux-x86_64 | 0.1.0 | 2.48 | 33.42 | 35.90 | OK | |
| r-release-macos-arm64 | 0.1.0 | OK | ||||
| r-release-macos-x86_64 | 0.1.0 | 2.00 | 35.00 | 37.00 | OK | |
| r-release-windows-x86_64 | 0.1.0 | 5.00 | 50.00 | 55.00 | OK | |
| r-oldrel-macos-arm64 | 0.1.0 | OK | ||||
| r-oldrel-macos-x86_64 | 0.1.0 | 2.00 | 30.00 | 32.00 | OK | |
| r-oldrel-windows-x86_64 | 0.1.0 | 6.00 | 61.00 | 67.00 | OK |
Version: 0.1.0
Check: CRAN incoming feasibility
Result: NOTE
Maintainer: ‘Raphiel Murden <rmurden@emory.edu>’
Package CITATION file contains call(s) to old-style citEntry(). Please
use bibentry() instead.
Flavors: r-devel-linux-x86_64-debian-clang, r-devel-linux-x86_64-debian-gcc