Last updated on 2025-10-13 20:49:39 CEST.
Flavor | Version | Tinstall | Tcheck | Ttotal | Status | Flags |
---|---|---|---|---|---|---|
r-devel-linux-x86_64-debian-clang | 0.1.2 | 2.57 | 30.84 | 33.41 | OK | |
r-devel-linux-x86_64-debian-gcc | 0.1.2 | 2.50 | 24.36 | 26.86 | OK | |
r-devel-linux-x86_64-fedora-clang | 0.1.2 | 53.28 | ERROR | |||
r-devel-linux-x86_64-fedora-gcc | 0.1.2 | 66.42 | ERROR | |||
r-devel-windows-x86_64 | 0.1.2 | 5.00 | 98.00 | 103.00 | OK | |
r-patched-linux-x86_64 | 0.1.2 | 3.12 | 29.46 | 32.58 | OK | |
r-release-linux-x86_64 | 0.1.2 | 2.66 | 29.22 | 31.88 | OK | |
r-release-macos-arm64 | 0.1.2 | 49.00 | OK | |||
r-release-macos-x86_64 | 0.1.2 | 103.00 | OK | |||
r-release-windows-x86_64 | 0.1.2 | 5.00 | 104.00 | 109.00 | OK | |
r-oldrel-macos-arm64 | 0.1.2 | 48.00 | OK | |||
r-oldrel-macos-x86_64 | 0.1.2 | 130.00 | OK | |||
r-oldrel-windows-x86_64 | 0.1.2 | 6.00 | 134.00 | 140.00 | OK |
Version: 0.1.2
Check: re-building of vignette outputs
Result: ERROR
Error(s) in re-building vignettes:
--- re-building ‘CITMIC.Rmd’ using rmarkdown
Quitting from CITMIC.Rmd:38-49 [unnamed-chunk-2]
~~~~~~~~~~~~~~~~~~~~~~~~~~~~~~~~~~~~~~~~~~~~~~~~~~~~~~~~~~~~~~~~~~~~~~~~~~~~~~~~
NULL
~~~~~~~~~~~~~~~~~~~~~~~~~~~~~~~~~~~~~~~~~~~~~~~~~~~~~~~~~~~~~~~~~~~~~~~~~~~~~~~~
Error: processing vignette 'CITMIC.Rmd' failed with diagnostics:
`name` must be a single string, not `TRUE`.
--- failed re-building ‘CITMIC.Rmd’
SUMMARY: processing the following file failed:
‘CITMIC.Rmd’
Error: Vignette re-building failed.
Execution halted
Flavors: r-devel-linux-x86_64-fedora-clang, r-devel-linux-x86_64-fedora-gcc