Last updated on 2024-04-25 20:48:16 CEST.
Flavor | Version | Tinstall | Tcheck | Ttotal | Status | Flags |
---|---|---|---|---|---|---|
r-devel-linux-x86_64-debian-clang | 0.1.0 | 6.30 | 75.54 | 81.84 | OK | |
r-devel-linux-x86_64-debian-gcc | 0.1.0 | 3.03 | 53.86 | 56.89 | OK | |
r-devel-linux-x86_64-fedora-clang | 0.1.0 | 96.88 | NOTE | |||
r-devel-linux-x86_64-fedora-gcc | 0.1.0 | 94.23 | NOTE | |||
r-devel-windows-x86_64 | 0.1.0 | 7.00 | 70.00 | 77.00 | OK | |
r-patched-linux-x86_64 | 0.1.0 | 4.79 | 68.74 | 73.53 | OK | |
r-release-linux-x86_64 | 0.1.0 | 4.46 | 68.44 | 72.90 | OK | |
r-release-macos-arm64 | 0.1.0 | 26.00 | OK | |||
r-release-windows-x86_64 | 0.1.0 | 6.00 | 76.00 | 82.00 | OK | |
r-oldrel-macos-arm64 | 0.1.0 | 31.00 | OK | |||
r-oldrel-macos-x86_64 | 0.1.0 | 48.00 | OK | |||
r-oldrel-windows-x86_64 | 0.1.0 | 8.00 | 80.00 | 88.00 | OK |
Version: 0.1.0
Check: dependencies in R code
Result: NOTE
Namespace in Imports field not imported from: ‘RColorBrewer’
All declared Imports should be used.
Flavors: r-devel-linux-x86_64-fedora-clang, r-devel-linux-x86_64-fedora-gcc