CRAN Package Check Results for Package CIS.DGLM

Last updated on 2022-09-28 21:51:33 CEST.

Flavor Version Tinstall Tcheck Ttotal Status Flags
r-devel-linux-x86_64-debian-clang 0.1.0 5.99 79.22 85.21 OK
r-devel-linux-x86_64-debian-gcc 0.1.0 4.18 58.15 62.33 OK
r-devel-linux-x86_64-fedora-clang 0.1.0 118.62 NOTE
r-devel-linux-x86_64-fedora-gcc 0.1.0 107.86 NOTE
r-devel-windows-x86_64 0.1.0 15.00 101.00 116.00 OK
r-patched-linux-x86_64 0.1.0 5.13 75.08 80.21 OK
r-release-linux-x86_64 0.1.0 4.77 74.72 79.49 OK
r-release-macos-arm64 0.1.0 27.00 NOTE
r-release-macos-x86_64 0.1.0 54.00 NOTE
r-release-windows-x86_64 0.1.0 14.00 97.00 111.00 OK
r-oldrel-macos-arm64 0.1.0 26.00 NOTE
r-oldrel-macos-x86_64 0.1.0 40.00 NOTE
r-oldrel-windows-ix86+x86_64 0.1.0 13.00 102.00 115.00 OK

Check Details

Version: 0.1.0
Check: dependencies in R code
Result: NOTE
    Namespace in Imports field not imported from: ‘RColorBrewer’
     All declared Imports should be used.
Flavors: r-devel-linux-x86_64-fedora-clang, r-devel-linux-x86_64-fedora-gcc, r-release-macos-arm64, r-release-macos-x86_64, r-oldrel-macos-arm64, r-oldrel-macos-x86_64