Last updated on 2024-03-27 19:56:47 CET.
Flavor | Version | Tinstall | Tcheck | Ttotal | Status | Flags |
---|---|---|---|---|---|---|
r-devel-linux-x86_64-debian-clang | 0.1.3 | 11.77 | 93.80 | 105.57 | OK | |
r-devel-linux-x86_64-debian-gcc | 0.1.3 | 8.29 | 69.48 | 77.77 | OK | |
r-devel-linux-x86_64-fedora-clang | 0.1.3 | 130.00 | NOTE | |||
r-devel-linux-x86_64-fedora-gcc | 0.1.3 | 125.38 | NOTE | |||
r-devel-windows-x86_64 | 0.1.3 | 10.00 | 85.00 | 95.00 | OK | |
r-patched-linux-x86_64 | 0.1.3 | 12.37 | 90.39 | 102.76 | OK | |
r-release-linux-x86_64 | 0.1.3 | 9.92 | 89.52 | 99.44 | OK | |
r-release-macos-arm64 | 0.1.3 | 42.00 | OK | |||
r-release-macos-x86_64 | 0.1.3 | 59.00 | OK | |||
r-release-windows-x86_64 | 0.1.3 | 14.00 | 97.00 | 111.00 | OK | |
r-oldrel-macos-arm64 | 0.1.3 | 36.00 | NOTE | |||
r-oldrel-windows-x86_64 | 0.1.3 | 15.00 | 98.00 | 113.00 | OK |
Version: 0.1.3
Check: data for non-ASCII characters
Result: NOTE
Note: found 28982 marked UTF-8 strings
Flavors: r-devel-linux-x86_64-fedora-clang, r-devel-linux-x86_64-fedora-gcc, r-oldrel-macos-arm64