Last updated on 2025-07-12 20:50:24 CEST.
Flavor | Version | Tinstall | Tcheck | Ttotal | Status | Flags |
---|---|---|---|---|---|---|
r-devel-linux-x86_64-debian-clang | 0.2.1 | 42.78 | 29.72 | 72.50 | OK | |
r-devel-linux-x86_64-debian-gcc | 0.2.1 | 28.03 | 23.86 | 51.89 | OK | |
r-devel-linux-x86_64-fedora-clang | 0.2.1 | 125.10 | OK | |||
r-devel-linux-x86_64-fedora-gcc | 0.2.1 | 119.43 | OK | |||
r-devel-windows-x86_64 | 0.2.1 | 46.00 | 68.00 | 114.00 | OK | |
r-patched-linux-x86_64 | 0.2.1 | 37.90 | 29.13 | 67.03 | OK | |
r-release-linux-x86_64 | 0.2.1 | 41.76 | 28.93 | 70.69 | OK | |
r-release-macos-arm64 | 0.2.1 | 35.00 | OK | |||
r-release-macos-x86_64 | 0.2.1 | 51.00 | OK | |||
r-release-windows-x86_64 | 0.2.1 | 47.00 | 68.00 | 115.00 | OK | |
r-oldrel-macos-arm64 | 0.2.1 | 37.00 | NOTE | |||
r-oldrel-macos-x86_64 | 0.2.1 | 54.00 | NOTE | |||
r-oldrel-windows-x86_64 | 0.2.1 | 55.00 | 78.00 | 133.00 | NOTE |
Version: 0.2.1
Check: installed package size
Result: NOTE
installed size is 22.1Mb
sub-directories of 1Mb or more:
doc 16.4Mb
libs 5.6Mb
Flavors: r-oldrel-macos-arm64, r-oldrel-macos-x86_64, r-oldrel-windows-x86_64