CRAN Package Check Results for Package CARBayesST

Last updated on 2022-09-24 21:50:58 CEST.

Flavor Version Tinstall Tcheck Ttotal Status Flags
r-devel-linux-x86_64-debian-clang 3.3 91.07 285.03 376.10 OK
r-devel-linux-x86_64-debian-gcc 3.3 77.93 207.65 285.58 OK
r-devel-linux-x86_64-fedora-clang 3.3 474.04 OK
r-devel-linux-x86_64-fedora-gcc 3.3 468.39 OK
r-devel-windows-x86_64 3.3 92.00 328.00 420.00 OK
r-patched-linux-x86_64 3.3 83.44 270.73 354.17 OK
r-release-linux-x86_64 3.3 76.69 265.82 342.51 OK
r-release-macos-arm64 3.3 190.00 NOTE
r-release-macos-x86_64 3.3 252.00 NOTE
r-release-windows-x86_64 3.3 93.00 325.00 418.00 OK
r-oldrel-macos-arm64 3.3 185.00 NOTE
r-oldrel-macos-x86_64 3.3 243.00 NOTE
r-oldrel-windows-ix86+x86_64 3.3 182.00 365.00 547.00 OK

Check Details

Version: 3.3
Check: installed package size
Result: NOTE
     installed size is 7.8Mb
     sub-directories of 1Mb or more:
     libs 5.9Mb
Flavors: r-release-macos-arm64, r-release-macos-x86_64, r-oldrel-macos-arm64, r-oldrel-macos-x86_64