CRAN Package Check Results for Package BurStMisc

Last updated on 2025-05-09 20:49:46 CEST.

Flavor Version Tinstall Tcheck Ttotal Status Flags
r-devel-linux-x86_64-debian-clang 1.1 2.09 22.12 24.21 NOTE
r-devel-linux-x86_64-debian-gcc 1.1 1.65 17.23 18.88 NOTE
r-devel-linux-x86_64-fedora-clang 1.1 38.23 OK
r-devel-linux-x86_64-fedora-gcc 1.1 37.03 OK
r-devel-windows-x86_64 1.1 4.00 52.00 56.00 OK
r-patched-linux-x86_64 1.1 2.27 21.17 23.44 OK
r-release-linux-x86_64 1.1 2.09 21.22 23.31 OK
r-release-macos-arm64 1.1 18.00 OK
r-release-macos-x86_64 1.1 27.00 OK
r-release-windows-x86_64 1.1 3.00 52.00 55.00 OK
r-oldrel-macos-arm64 1.1 22.00 NOTE
r-oldrel-macos-x86_64 1.1 23.00 NOTE
r-oldrel-windows-x86_64 1.1 3.00 52.00 55.00 NOTE

Check Details

Version: 1.1
Check: CRAN incoming feasibility
Result: NOTE Maintainer: ‘Pat Burns <patrick@burns-stat.com>’ No Authors@R field in DESCRIPTION. Please add one, modifying Authors@R: person(given = "Pat", family = "Burns", role = c("aut", "cre"), email = "patrick@burns-stat.com") as necessary. Flavors: r-devel-linux-x86_64-debian-clang, r-devel-linux-x86_64-debian-gcc

Version: 1.1
Check: LazyData
Result: NOTE 'LazyData' is specified without a 'data' directory Flavors: r-oldrel-macos-arm64, r-oldrel-macos-x86_64, r-oldrel-windows-x86_64