CRAN Package Check Results for Package BurStMisc

Last updated on 2022-09-28 21:51:33 CEST.

Flavor Version Tinstall Tcheck Ttotal Status Flags
r-devel-linux-x86_64-debian-clang 1.1 3.10 27.97 31.07 NOTE
r-devel-linux-x86_64-debian-gcc 1.1 2.22 21.75 23.97 NOTE
r-devel-linux-x86_64-fedora-clang 1.1 52.13 NOTE
r-devel-linux-x86_64-fedora-gcc 1.1 47.84 NOTE
r-devel-windows-x86_64 1.1 14.00 63.00 77.00 NOTE
r-patched-linux-x86_64 1.1 3.25 27.14 30.39 NOTE
r-release-linux-x86_64 1.1 2.81 26.96 29.77 NOTE
r-release-macos-arm64 1.1 15.00 NOTE
r-release-macos-x86_64 1.1 22.00 NOTE
r-release-windows-x86_64 1.1 18.00 60.00 78.00 NOTE
r-oldrel-macos-arm64 1.1 25.00 NOTE
r-oldrel-macos-x86_64 1.1 30.00 NOTE
r-oldrel-windows-ix86+x86_64 1.1 5.00 51.00 56.00 NOTE

Check Details

Version: 1.1
Check: LazyData
Result: NOTE
     'LazyData' is specified without a 'data' directory
Flavors: r-devel-linux-x86_64-debian-clang, r-devel-linux-x86_64-debian-gcc, r-devel-linux-x86_64-fedora-clang, r-devel-linux-x86_64-fedora-gcc, r-devel-windows-x86_64, r-patched-linux-x86_64, r-release-linux-x86_64, r-release-macos-arm64, r-release-macos-x86_64, r-release-windows-x86_64, r-oldrel-macos-arm64, r-oldrel-macos-x86_64, r-oldrel-windows-ix86+x86_64

Version: 1.1
Check: Rd cross-references
Result: NOTE
    Undeclared packages ‘Hmisc’, ‘gtools’ in Rd xrefs
Flavor: r-devel-linux-x86_64-fedora-clang