CRAN Package Check Results for Package Buddle

Last updated on 2022-10-05 21:53:29 CEST.

Flavor Version Tinstall Tcheck Ttotal Status Flags
r-devel-linux-x86_64-debian-clang 2.0.1 55.06 36.09 91.15 OK
r-devel-linux-x86_64-debian-gcc 2.0.1 37.87 28.63 66.50 OK
r-devel-linux-x86_64-fedora-clang 2.0.1 125.94 OK
r-devel-linux-x86_64-fedora-gcc 2.0.1 121.95 OK
r-devel-windows-x86_64 2.0.1 43.00 87.00 130.00 OK
r-patched-linux-x86_64 2.0.1 38.71 34.63 73.34 OK
r-release-linux-x86_64 2.0.1 44.29 33.73 78.02 OK
r-release-macos-arm64 2.0.1 32.00 OK
r-release-macos-x86_64 2.0.1 44.00 NOTE
r-release-windows-x86_64 2.0.1 56.00 84.00 140.00 OK
r-oldrel-macos-arm64 2.0.1 37.00 NOTE
r-oldrel-macos-x86_64 2.0.1 62.00 NOTE
r-oldrel-windows-ix86+x86_64 2.0.1 116.00 83.00 199.00 OK

Check Details

Version: 2.0.1
Check: installed package size
Result: NOTE
     installed size is 5.1Mb
     sub-directories of 1Mb or more:
     libs 5.0Mb
Flavors: r-release-macos-x86_64, r-oldrel-macos-arm64, r-oldrel-macos-x86_64