Last updated on 2024-04-18 21:56:46 CEST.
Flavor | Version | Tinstall | Tcheck | Ttotal | Status | Flags |
---|---|---|---|---|---|---|
r-devel-linux-x86_64-debian-clang | 2.0.1 | 47.42 | 32.90 | 80.32 | NOTE | |
r-devel-linux-x86_64-debian-gcc | 2.0.1 | 37.97 | 26.66 | 64.63 | NOTE | |
r-devel-linux-x86_64-fedora-clang | 2.0.1 | 110.73 | NOTE | |||
r-devel-linux-x86_64-fedora-gcc | 2.0.1 | 119.16 | NOTE | |||
r-prerel-macos-arm64 | 2.0.1 | 31.00 | NOTE | |||
r-prerel-windows-x86_64 | 2.0.1 | 40.00 | 79.00 | 119.00 | NOTE | |
r-patched-linux-x86_64 | 2.0.1 | 51.15 | 32.48 | 83.63 | NOTE | |
r-release-linux-x86_64 | 2.0.1 | 52.15 | 33.67 | 85.82 | NOTE | |
r-release-macos-arm64 | 2.0.1 | 34.00 | NOTE | |||
r-release-macos-x86_64 | 2.0.1 | 55.00 | NOTE | |||
r-release-windows-x86_64 | 2.0.1 | 49.00 | 80.00 | 129.00 | NOTE | |
r-oldrel-macos-arm64 | 2.0.1 | 32.00 | NOTE | |||
r-oldrel-windows-x86_64 | 2.0.1 | 48.00 | 78.00 | 126.00 | OK |
Version: 2.0.1
Check: C++ specification
Result: NOTE
Specified C++11: please drop specification unless essential
Flavors: r-devel-linux-x86_64-debian-clang, r-devel-linux-x86_64-debian-gcc, r-devel-linux-x86_64-fedora-clang, r-devel-linux-x86_64-fedora-gcc, r-prerel-macos-arm64, r-prerel-windows-x86_64, r-patched-linux-x86_64, r-release-linux-x86_64, r-release-macos-arm64, r-release-macos-x86_64, r-release-windows-x86_64
Version: 2.0.1
Check: installed package size
Result: NOTE
installed size is 5.1Mb
sub-directories of 1Mb or more:
libs 5.0Mb
Flavors: r-release-macos-arm64, r-oldrel-macos-arm64