Last updated on 2025-05-07 20:49:40 CEST.
Flavor | Version | Tinstall | Tcheck | Ttotal | Status | Flags |
---|---|---|---|---|---|---|
r-devel-linux-x86_64-debian-clang | 2023.920 | 5.76 | 37.05 | 42.81 | NOTE | |
r-devel-linux-x86_64-debian-gcc | 2023.920 | 3.59 | 28.84 | 32.43 | NOTE | |
r-devel-linux-x86_64-fedora-clang | 2023.920 | 68.56 | OK | |||
r-devel-linux-x86_64-fedora-gcc | 2023.920 | 79.96 | OK | |||
r-devel-windows-x86_64 | 2023.920 | 8.00 | 77.00 | 85.00 | OK | |
r-patched-linux-x86_64 | 2023.920 | 5.68 | 34.77 | 40.45 | OK | |
r-release-linux-x86_64 | 2023.920 | 4.79 | 34.95 | 39.74 | OK | |
r-release-macos-arm64 | 2023.920 | 33.00 | OK | |||
r-release-macos-x86_64 | 2023.920 | 62.00 | OK | |||
r-release-windows-x86_64 | 2023.920 | 8.00 | 80.00 | 88.00 | OK | |
r-oldrel-macos-arm64 | 2023.920 | 34.00 | OK | |||
r-oldrel-macos-x86_64 | 2023.920 | 47.00 | OK | |||
r-oldrel-windows-x86_64 | 2023.920 | 8.00 | 75.00 | 83.00 | OK |
Version: 2023.920
Check: CRAN incoming feasibility
Result: NOTE
Maintainer: ‘Ernesto Barrios <ebarrios@itam.mx>’
No Authors@R field in DESCRIPTION.
Please add one, modifying
Authors@R: c(person(given = c("Ernesto", "Barrios", "based", "on", "Daniel", "Meyer's"),
family = "code.",
role = "aut"),
person(given = "Ernesto",
family = "Barrios",
role = "cre",
email = "ebarrios@itam.mx"))
as necessary.
Flavors: r-devel-linux-x86_64-debian-clang, r-devel-linux-x86_64-debian-gcc