CRAN Package Check Results for Package Brundle

Last updated on 2022-10-06 21:49:48 CEST.

Flavor Version Tinstall Tcheck Ttotal Status Flags
r-devel-linux-x86_64-debian-clang 1.0.9 84.04 606.74 690.78 OK
r-devel-linux-x86_64-debian-gcc 1.0.9 64.62 443.75 508.37 OK
r-devel-linux-x86_64-fedora-clang 1.0.9 550.65 OK
r-devel-linux-x86_64-fedora-gcc 1.0.9 837.41 OK
r-devel-windows-x86_64 1.0.9 113.00 573.00 686.00 OK
r-patched-linux-x86_64 1.0.9 73.48 563.20 636.68 OK
r-release-linux-x86_64 1.0.9 68.66 572.65 641.31 OK
r-release-macos-arm64 1.0.9 6.00 ERROR
r-release-macos-x86_64 1.0.9 300.00 OK
r-release-windows-x86_64 1.0.9 89.00 583.00 672.00 OK
r-oldrel-macos-arm64 1.0.9 362.00 OK
r-oldrel-macos-x86_64 1.0.9 388.00 WARN
r-oldrel-windows-ix86+x86_64 1.0.9 157.00 565.00 722.00 OK

Check Details

Version: 1.0.9
Check: package dependencies
Result: ERROR
    Package required but not available: ‘DiffBind’
    
    See section ‘The DESCRIPTION file’ in the ‘Writing R Extensions’
    manual.
Flavor: r-release-macos-arm64

Version: 1.0.9
Check: whether package can be installed
Result: WARN
    Found the following significant warnings:
     Warning: multiple methods tables found for ‘export’
Flavor: r-oldrel-macos-x86_64