Last updated on 2025-11-16 01:49:09 CET.
| Flavor | Version | Tinstall | Tcheck | Ttotal | Status | Flags |
|---|---|---|---|---|---|---|
| r-devel-linux-x86_64-debian-clang | 0.1.2.1 | 2.79 | 25.05 | 27.84 | NOTE | |
| r-devel-linux-x86_64-debian-gcc | 0.1.2.1 | 2.09 | 21.11 | 23.20 | NOTE | |
| r-devel-linux-x86_64-fedora-clang | 0.1.2.1 | 16.00 | 25.46 | 41.46 | OK | |
| r-devel-linux-x86_64-fedora-gcc | 0.1.2.1 | 40.79 | NOTE | |||
| r-devel-windows-x86_64 | 0.1.2.1 | 6.00 | 42.00 | 48.00 | OK | |
| r-patched-linux-x86_64 | 0.1.2.1 | 2.82 | 23.19 | 26.01 | OK | |
| r-release-linux-x86_64 | 0.1.2.1 | 2.72 | 23.35 | 26.07 | OK | |
| r-release-macos-arm64 | 0.1.2.1 | 1.00 | 16.00 | 17.00 | OK | |
| r-release-macos-x86_64 | 0.1.2.1 | 4.00 | 36.00 | 40.00 | OK | |
| r-release-windows-x86_64 | 0.1.2.1 | 4.00 | 41.00 | 45.00 | OK | |
| r-oldrel-macos-arm64 | 0.1.2.1 | 1.00 | 21.00 | 22.00 | OK | |
| r-oldrel-macos-x86_64 | 0.1.2.1 | 3.00 | 31.00 | 34.00 | OK | |
| r-oldrel-windows-x86_64 | 0.1.2.1 | 4.00 | 47.00 | 51.00 | OK |
Version: 0.1.2.1
Check: CRAN incoming feasibility
Result: NOTE
Maintainer: ‘Alexis Derumigny <a.f.f.derumigny@tudelft.nl>’
The Description field contains
Girard, Guyonvarch (2021) <arXiv:2101.05780>.
Please refer to arXiv e-prints via their arXiv DOI <doi:10.48550/arXiv.YYMM.NNNNN>.
Flavors: r-devel-linux-x86_64-debian-clang, r-devel-linux-x86_64-debian-gcc
Version: 0.1.2.1
Check: HTML version of manual
Result: NOTE
Found the following HTML validation problems:
BoundEdgeworth.html:411:1 (Bound_EE1.Rd:115): Warning: <script> anchor "MathJax-script" already defined
BoundEdgeworth.html:551:1 (Gauss_test_powerAnalysis.Rd:53): Warning: <script> anchor "MathJax-script" already defined
Flavors: r-devel-linux-x86_64-debian-gcc, r-devel-linux-x86_64-fedora-gcc