Last updated on 2024-08-15 20:48:12 CEST.
Flavor | Version | Tinstall | Tcheck | Ttotal | Status | Flags |
---|---|---|---|---|---|---|
r-devel-linux-x86_64-debian-clang | 1.0.5 | 1.98 | 35.22 | 37.20 | OK | |
r-devel-linux-x86_64-debian-gcc | 1.0.5 | 2.12 | 25.40 | 27.52 | OK | |
r-devel-linux-x86_64-fedora-clang | 1.0.5 | 58.97 | OK | |||
r-devel-linux-x86_64-fedora-gcc | 1.0.5 | 55.34 | OK | |||
r-devel-windows-x86_64 | 1.0.5 | 4.00 | 52.00 | 56.00 | NOTE | |
r-patched-linux-x86_64 | 1.0.5 | 2.95 | 32.20 | 35.15 | OK | |
r-release-linux-x86_64 | 1.0.5 | 2.78 | 31.87 | 34.65 | OK | |
r-release-macos-arm64 | 1.0.5 | 21.00 | OK | |||
r-release-macos-x86_64 | 1.0.5 | 32.00 | OK | |||
r-release-windows-x86_64 | 1.0.5 | 4.00 | 51.00 | 55.00 | NOTE | |
r-oldrel-macos-arm64 | 1.0.5 | 22.00 | OK | |||
r-oldrel-macos-x86_64 | 1.0.5 | 32.00 | OK | |||
r-oldrel-windows-x86_64 | 1.0.5 | 4.00 | 58.00 | 62.00 | NOTE |
Version: 1.0.5
Check: package dependencies
Result: NOTE
Package suggested but not available for checking: 'doMC'
Flavors: r-devel-windows-x86_64, r-release-windows-x86_64, r-oldrel-windows-x86_64