Last updated on 2025-05-03 21:51:11 CEST.
Flavor | Version | Tinstall | Tcheck | Ttotal | Status | Flags |
---|---|---|---|---|---|---|
r-devel-linux-x86_64-debian-clang | 3.7 | 11.14 | 118.16 | 129.30 | NOTE | |
r-devel-linux-x86_64-debian-gcc | 3.7 | 8.49 | 88.09 | 96.58 | NOTE | |
r-devel-linux-x86_64-fedora-clang | 3.7 | 217.15 | OK | |||
r-devel-linux-x86_64-fedora-gcc | 3.7 | 209.02 | OK | |||
r-devel-windows-x86_64 | 3.7 | 13.00 | 135.00 | 148.00 | OK | |
r-patched-linux-x86_64 | 3.7 | 11.52 | 113.56 | 125.08 | OK | |
r-release-linux-x86_64 | OK | |||||
r-release-macos-arm64 | 3.7 | 80.00 | OK | |||
r-release-macos-x86_64 | 3.7 | 139.00 | OK | |||
r-release-windows-x86_64 | 3.7 | 13.00 | 147.00 | 160.00 | OK | |
r-oldrel-macos-arm64 | 3.7 | 61.00 | OK | |||
r-oldrel-macos-x86_64 | 3.7 | 138.00 | OK | |||
r-oldrel-windows-x86_64 | 3.7 | 15.00 | 164.00 | 179.00 | OK |
Version: 3.7
Check: CRAN incoming feasibility
Result: NOTE
Maintainer: ‘Pierre Lefeuvre <pierre.lefeuvre@cirad.fr>’
No Authors@R field in DESCRIPTION.
Please add one, modifying
Authors@R: person(given = "Pierre",
family = "Lefeuvre",
role = c("aut", "cre"),
email = "pierre.lefeuvre@cirad.fr")
as necessary.
Flavors: r-devel-linux-x86_64-debian-clang, r-devel-linux-x86_64-debian-gcc