Last updated on 2025-11-23 20:48:42 CET.
| Flavor | Version | Tinstall | Tcheck | Ttotal | Status | Flags |
|---|---|---|---|---|---|---|
| r-devel-linux-x86_64-debian-clang | 1.0.3 | 12.31 | 68.20 | 80.51 | NOTE | |
| r-devel-linux-x86_64-debian-gcc | 1.0.3 | 8.94 | 48.17 | 57.11 | NOTE | |
| r-devel-linux-x86_64-fedora-clang | 1.0.3 | 29.00 | 98.88 | 127.88 | OK | |
| r-devel-windows-x86_64 | 1.0.3 | 13.00 | 73.00 | 86.00 | OK | |
| r-patched-linux-x86_64 | 1.0.3 | 11.84 | 65.75 | 77.59 | OK | |
| r-release-linux-x86_64 | 1.0.3 | 12.50 | 66.33 | 78.83 | OK | |
| r-release-macos-arm64 | 1.0.3 | OK | ||||
| r-release-macos-x86_64 | 1.0.3 | 17.00 | 88.00 | 105.00 | OK | |
| r-release-windows-x86_64 | 1.0.3 | 13.00 | 101.00 | 114.00 | OK | |
| r-oldrel-macos-arm64 | 1.0.3 | NOTE | ||||
| r-oldrel-macos-x86_64 | 1.0.3 | 8.00 | 47.00 | 55.00 | NOTE | |
| r-oldrel-windows-x86_64 | 1.0.3 | 18.00 | 89.00 | 107.00 | NOTE |
Version: 1.0.3
Check: CRAN incoming feasibility
Result: NOTE
Maintainer: ‘Jia-Han Shih <tommy355097@gmail.com>’
No Authors@R field in DESCRIPTION.
Please add one, modifying
Authors@R: c(person(given = "Jia-Han",
family = "Shih",
role = c("aut", "cre"),
email = "tommy355097@gmail.com"),
person(given = "Wei",
family = "Lee",
role = "aut"))
as necessary.
Flavors: r-devel-linux-x86_64-debian-clang, r-devel-linux-x86_64-debian-gcc
Version: 1.0.3
Check: LazyData
Result: NOTE
'LazyData' is specified without a 'data' directory
Flavors: r-oldrel-macos-arm64, r-oldrel-macos-x86_64, r-oldrel-windows-x86_64