CRAN Package Check Results for Package Biostatistics

Last updated on 2022-09-28 21:51:32 CEST.

Flavor Version Tinstall Tcheck Ttotal Status Flags
r-devel-linux-x86_64-debian-clang 1.0.4 2.56 20.17 22.73 NOTE
r-devel-linux-x86_64-debian-gcc 1.0.4 1.99 15.97 17.96 NOTE
r-devel-linux-x86_64-fedora-clang 1.0.4 40.96 NOTE
r-devel-linux-x86_64-fedora-gcc 1.0.4 41.07 NOTE
r-devel-windows-x86_64 1.0.4 165.00 60.00 225.00 NOTE
r-patched-linux-x86_64 1.0.4 3.02 19.83 22.85 OK
r-release-linux-x86_64 1.0.4 2.51 19.30 21.81 OK
r-release-macos-arm64 1.0.4 18.00 NOTE
r-release-macos-x86_64 1.0.4 25.00 NOTE
r-release-windows-x86_64 1.0.4 5.00 54.00 59.00 OK
r-oldrel-macos-arm64 1.0.4 14.00 NOTE
r-oldrel-macos-x86_64 1.0.4 20.00 NOTE
r-oldrel-windows-ix86+x86_64 1.0.4 6.00 46.00 52.00 OK

Check Details

Version: 1.0.4
Check: package subdirectories
Result: NOTE
    Problems with news in 'NEWS.md':
    No news entries found.
Flavors: r-devel-linux-x86_64-debian-clang, r-devel-linux-x86_64-debian-gcc, r-devel-linux-x86_64-fedora-clang, r-devel-linux-x86_64-fedora-gcc, r-devel-windows-x86_64

Version: 1.0.4
Check: data for non-ASCII characters
Result: NOTE
     Note: found 46 marked UTF-8 strings
Flavors: r-devel-linux-x86_64-fedora-clang, r-devel-linux-x86_64-fedora-gcc, r-release-macos-arm64, r-release-macos-x86_64, r-oldrel-macos-arm64, r-oldrel-macos-x86_64