CRAN Package Check Results for Package Biostatistics

Last updated on 2025-10-13 20:49:38 CEST.

Flavor Version Tinstall Tcheck Ttotal Status Flags
r-devel-linux-x86_64-debian-clang 1.0.4 1.50 20.63 22.13 NOTE
r-devel-linux-x86_64-debian-gcc 1.0.4 1.32 16.55 17.87 NOTE
r-devel-linux-x86_64-fedora-clang 1.0.4 32.86 NOTE
r-devel-linux-x86_64-fedora-gcc 1.0.4 47.29 NOTE
r-devel-windows-x86_64 1.0.4 4.00 43.00 47.00 NOTE
r-patched-linux-x86_64 1.0.4 2.04 19.31 21.35 NOTE
r-release-linux-x86_64 1.0.4 1.20 19.24 20.44 NOTE
r-release-macos-arm64 1.0.4 28.00 NOTE
r-release-macos-x86_64 1.0.4 36.00 NOTE
r-release-windows-x86_64 1.0.4 5.00 51.00 56.00 NOTE
r-oldrel-macos-arm64 1.0.4 20.00 NOTE
r-oldrel-macos-x86_64 1.0.4 30.00 NOTE
r-oldrel-windows-x86_64 1.0.4 5.00 49.00 54.00 NOTE

Check Details

Version: 1.0.4
Check: CRAN incoming feasibility
Result: NOTE Maintainer: ‘Rob Knell <r.knell@qmul.ac.uk>’ No Authors@R field in DESCRIPTION. Please add one, modifying Authors@R: person(given = "Rob", family = "Knell", role = c("aut", "cre"), email = "r.knell@qmul.ac.uk") as necessary. Flavors: r-devel-linux-x86_64-debian-clang, r-devel-linux-x86_64-debian-gcc

Version: 1.0.4
Check: package subdirectories
Result: NOTE Problems with news in ‘NEWS.md’: No news entries found. Flavors: r-devel-linux-x86_64-debian-clang, r-devel-linux-x86_64-debian-gcc, r-devel-linux-x86_64-fedora-clang, r-devel-linux-x86_64-fedora-gcc, r-devel-windows-x86_64, r-patched-linux-x86_64, r-release-linux-x86_64, r-release-macos-arm64, r-release-macos-x86_64, r-release-windows-x86_64, r-oldrel-macos-arm64, r-oldrel-macos-x86_64, r-oldrel-windows-x86_64