CRAN Package Check Results for Package Bioi

Last updated on 2025-11-22 19:50:23 CET.

Flavor Version Tinstall Tcheck Ttotal Status Flags
r-devel-linux-x86_64-debian-clang 0.2.10 16.72 55.53 72.25 NOTE
r-devel-linux-x86_64-debian-gcc 0.2.10 12.23 42.14 54.37 NOTE
r-devel-linux-x86_64-fedora-clang 0.2.10 60.00 62.25 122.25 OK
r-devel-windows-x86_64 0.2.10 28.00 84.00 112.00 OK
r-patched-linux-x86_64 0.2.10 16.40 50.16 66.56 OK
r-release-linux-x86_64 0.2.10 16.28 50.88 67.16 OK
r-release-macos-arm64 0.2.10 OK
r-release-macos-x86_64 0.2.10 10.00 68.00 78.00 OK
r-release-windows-x86_64 0.2.10 25.00 84.00 109.00 OK
r-oldrel-macos-arm64 0.2.10 NOTE
r-oldrel-macos-x86_64 0.2.10 10.00 50.00 60.00 NOTE
r-oldrel-windows-x86_64 0.2.10 30.00 103.00 133.00 NOTE

Check Details

Version: 0.2.10
Check: CRAN incoming feasibility
Result: NOTE Maintainer: ‘Zachary Colburn <zcolburn@gmail.com>’ No Authors@R field in DESCRIPTION. Please add one, modifying Authors@R: person(given = "Zachary", family = "Colburn", role = c("aut", "cre"), email = "zcolburn@gmail.com") as necessary. Flavors: r-devel-linux-x86_64-debian-clang, r-devel-linux-x86_64-debian-gcc

Version: 0.2.10
Check: LazyData
Result: NOTE 'LazyData' is specified without a 'data' directory Flavors: r-oldrel-macos-arm64, r-oldrel-macos-x86_64, r-oldrel-windows-x86_64