Last updated on 2025-11-02 23:49:31 CET.
| Flavor | Version | Tinstall | Tcheck | Ttotal | Status | Flags |
|---|---|---|---|---|---|---|
| r-devel-linux-x86_64-debian-clang | 1.0.4 | 8.95 | 105.82 | 114.77 | OK | |
| r-devel-linux-x86_64-debian-gcc | 1.0.4 | 8.34 | 70.57 | 78.91 | OK | |
| r-devel-linux-x86_64-fedora-clang | 1.0.4 | 49.00 | 136.70 | 185.70 | OK | |
| r-devel-linux-x86_64-fedora-gcc | 1.0.4 | 70.00 | 114.09 | 184.09 | OK | |
| r-devel-windows-x86_64 | 1.0.4 | 14.00 | 106.00 | 120.00 | OK | |
| r-patched-linux-x86_64 | 1.0.4 | 12.19 | 97.36 | 109.55 | OK | |
| r-release-linux-x86_64 | 1.0.4 | 0.30 | 1.79 | 2.09 | ERROR | |
| r-release-macos-arm64 | 1.0.4 | 4.00 | 43.00 | 47.00 | OK | |
| r-release-macos-x86_64 | 1.0.4 | 10.00 | 74.00 | 84.00 | OK | |
| r-release-windows-x86_64 | 1.0.4 | 14.00 | 105.00 | 119.00 | OK | |
| r-oldrel-macos-arm64 | 1.0.4 | 4.00 | 47.00 | 51.00 | OK | |
| r-oldrel-macos-x86_64 | 1.0.4 | 9.00 | 72.00 | 81.00 | OK | |
| r-oldrel-windows-x86_64 | 1.0.4 | 20.00 | 138.00 | 158.00 | OK |
Version: 1.0.4
Check: package dependencies
Result: ERROR
Packages required but not available: 'ggtree', 'treeio'
See section ‘The DESCRIPTION file’ in the ‘Writing R Extensions’
manual.
Flavor: r-release-linux-x86_64