Last updated on 2024-04-26 21:57:09 CEST.
Flavor | Version | Tinstall | Tcheck | Ttotal | Status | Flags |
---|---|---|---|---|---|---|
r-devel-linux-x86_64-debian-clang | 1.1.3 | 20.98 | 223.51 | 244.49 | OK | |
r-devel-linux-x86_64-debian-gcc | 1.1.3 | 17.82 | 159.94 | 177.76 | OK | |
r-devel-linux-x86_64-fedora-clang | 1.1.3 | 308.17 | OK | |||
r-devel-linux-x86_64-fedora-gcc | 1.1.3 | 294.61 | OK | |||
r-devel-windows-x86_64 | 1.1.3 | 5.00 | 5.00 | 10.00 | ERROR | |
r-patched-linux-x86_64 | 1.1.3 | 15.02 | 215.42 | 230.44 | OK | |
r-release-linux-x86_64 | 1.1.3 | 24.13 | 220.64 | 244.77 | OK | |
r-release-macos-arm64 | 1.1.3 | 84.00 | OK | |||
r-release-macos-x86_64 | 1.1.3 | 190.00 | OK | |||
r-release-windows-x86_64 | 1.1.3 | 5.00 | 5.00 | 10.00 | ERROR | |
r-oldrel-macos-arm64 | 1.1.3 | 84.00 | OK | |||
r-oldrel-macos-x86_64 | 1.1.3 | 147.00 | OK | |||
r-oldrel-windows-x86_64 | 1.1.3 | 29.00 | 196.00 | 225.00 | OK |
Version: 1.1.3
Check: whether package can be installed
Result: ERROR
Installation failed.
Flavors: r-devel-windows-x86_64, r-release-windows-x86_64