CRAN Package Check Results for Package BioCircos

Last updated on 2025-01-19 19:48:16 CET.

Flavor Version Tinstall Tcheck Ttotal Status Flags
r-devel-linux-x86_64-debian-clang 0.3.4 3.54 37.02 40.56 OK
r-devel-linux-x86_64-debian-gcc 0.3.4 2.38 28.19 30.57 OK
r-devel-linux-x86_64-fedora-clang 0.3.4 67.59 OK
r-devel-linux-x86_64-fedora-gcc 0.3.4 76.64 OK
r-devel-windows-x86_64 0.3.4 6.00 60.00 66.00 OK
r-patched-linux-x86_64 0.3.4 3.74 35.50 39.24 NOTE
r-release-linux-x86_64 0.3.4 3.44 35.41 38.85 NOTE
r-release-macos-arm64 0.3.4 30.00 NOTE
r-release-macos-x86_64 0.3.4 47.00 NOTE
r-release-windows-x86_64 0.3.4 6.00 60.00 66.00 NOTE
r-oldrel-macos-arm64 0.3.4 30.00 NOTE
r-oldrel-macos-x86_64 0.3.4 47.00 NOTE
r-oldrel-windows-x86_64 0.3.4 7.00 62.00 69.00 NOTE

Check Details

Version: 0.3.4
Check: LazyData
Result: NOTE 'LazyData' is specified without a 'data' directory Flavors: r-patched-linux-x86_64, r-release-linux-x86_64, r-release-macos-arm64, r-release-macos-x86_64, r-release-windows-x86_64, r-oldrel-macos-arm64, r-oldrel-macos-x86_64, r-oldrel-windows-x86_64