CRAN Package Check Results for Package BinaryEMVS

Last updated on 2022-10-02 22:51:33 CEST.

Flavor Version Tinstall Tcheck Ttotal Status Flags
r-devel-linux-x86_64-debian-clang 0.1 2.48 44.74 47.22 NOTE
r-devel-linux-x86_64-debian-gcc 0.1 1.92 33.04 34.96 NOTE
r-devel-linux-x86_64-fedora-clang 0.1 71.12 NOTE
r-devel-linux-x86_64-fedora-gcc 0.1 71.99 NOTE
r-devel-windows-x86_64 0.1 11.00 75.00 86.00 NOTE
r-patched-linux-x86_64 0.1 2.05 45.17 47.22 NOTE
r-release-linux-x86_64 0.1 2.32 44.22 46.54 NOTE
r-release-macos-arm64 0.1 24.00 NOTE
r-release-macos-x86_64 0.1 36.00 NOTE
r-release-windows-x86_64 0.1 5.00 137.00 142.00 NOTE
r-oldrel-macos-arm64 0.1 27.00 NOTE
r-oldrel-macos-x86_64 0.1 49.00 NOTE
r-oldrel-windows-ix86+x86_64 0.1 5.00 66.00 71.00 NOTE

Check Details

Version: 0.1
Check: LazyData
Result: NOTE
     'LazyData' is specified without a 'data' directory
Flavors: r-devel-linux-x86_64-debian-clang, r-devel-linux-x86_64-debian-gcc, r-devel-linux-x86_64-fedora-clang, r-devel-linux-x86_64-fedora-gcc, r-devel-windows-x86_64, r-patched-linux-x86_64, r-release-linux-x86_64, r-release-macos-arm64, r-release-macos-x86_64, r-release-windows-x86_64, r-oldrel-macos-arm64, r-oldrel-macos-x86_64, r-oldrel-windows-ix86+x86_64