Last updated on 2025-05-06 20:50:35 CEST.
Flavor | Version | Tinstall | Tcheck | Ttotal | Status | Flags |
---|---|---|---|---|---|---|
r-devel-linux-x86_64-debian-clang | 1.5.3 | 6.88 | 55.40 | 62.28 | NOTE | |
r-devel-linux-x86_64-debian-gcc | 1.5.3 | 5.16 | 41.63 | 46.79 | NOTE | |
r-devel-linux-x86_64-fedora-clang | 1.5.3 | 96.84 | OK | |||
r-devel-linux-x86_64-fedora-gcc | 1.5.3 | 98.84 | OK | |||
r-devel-windows-x86_64 | 1.5.3 | 7.00 | 70.00 | 77.00 | OK | |
r-patched-linux-x86_64 | 1.5.3 | 7.26 | 53.79 | 61.05 | OK | |
r-release-linux-x86_64 | 1.5.3 | 6.75 | 53.79 | 60.54 | OK | |
r-release-macos-arm64 | 1.5.3 | 34.00 | OK | |||
r-release-macos-x86_64 | 1.5.3 | 54.00 | OK | |||
r-release-windows-x86_64 | 1.5.3 | 7.00 | 73.00 | 80.00 | OK | |
r-oldrel-macos-arm64 | 1.5.3 | 31.00 | OK | |||
r-oldrel-macos-x86_64 | 1.5.3 | 45.00 | OK | |||
r-oldrel-windows-x86_64 | 1.5.3 | 10.00 | 84.00 | 94.00 | OK |
Version: 1.5.3
Check: CRAN incoming feasibility
Result: NOTE
Maintainer: ‘Ran Gao <rgao8@uic.edu>’
No Authors@R field in DESCRIPTION.
Please add one, modifying
Authors@R: c(person(given = "Gul",
family = "Inan",
role = "aut"),
person(given = "Hakan",
family = "Demirtas",
role = "aut"),
person(given = "Ran",
family = "Gao",
role = c("aut", "cre"),
email = "rgao8@uic.edu"))
as necessary.
Flavors: r-devel-linux-x86_64-debian-clang, r-devel-linux-x86_64-debian-gcc