Last updated on 2024-03-28 19:48:26 CET.
Flavor | Version | Tinstall | Tcheck | Ttotal | Status | Flags |
---|---|---|---|---|---|---|
r-devel-linux-x86_64-debian-clang | 2.0.11 | 11.11 | 28.54 | 39.65 | OK | |
r-devel-linux-x86_64-debian-gcc | 2.0.11 | 8.95 | 22.17 | 31.12 | OK | |
r-devel-linux-x86_64-fedora-clang | 2.0.11 | 49.09 | NOTE | |||
r-devel-linux-x86_64-fedora-gcc | 2.0.11 | 66.85 | NOTE | |||
r-devel-windows-x86_64 | 2.0.11 | 13.00 | 52.00 | 65.00 | OK | |
r-patched-linux-x86_64 | 2.0.11 | 10.94 | 27.82 | 38.76 | OK | |
r-release-linux-x86_64 | 2.0.11 | 10.27 | 26.83 | 37.10 | OK | |
r-release-macos-arm64 | 2.0.11 | 29.00 | OK | |||
r-release-macos-x86_64 | 2.0.11 | 80.00 | OK | |||
r-release-windows-x86_64 | 2.0.11 | 14.00 | 51.00 | 65.00 | OK | |
r-oldrel-macos-arm64 | 2.0.11 | 26.00 | OK | |||
r-oldrel-windows-x86_64 | 2.0.11 | 17.00 | 53.00 | 70.00 | OK |
Version: 2.0.11
Check: compiled code
Result: NOTE
File ‘BiasedUrn/libs/BiasedUrn.so’:
Found no calls to: ‘R_registerRoutines’, ‘R_useDynamicSymbols’
It is good practice to register native routines and to disable symbol
search.
See ‘Writing portable packages’ in the ‘Writing R Extensions’ manual.
Flavors: r-devel-linux-x86_64-fedora-clang, r-devel-linux-x86_64-fedora-gcc