Last updated on 2023-01-26 19:49:22 CET.
Flavor | Version | Tinstall | Tcheck | Ttotal | Status | Flags |
---|---|---|---|---|---|---|
r-devel-linux-x86_64-debian-clang | 1.0.3 | 45.07 | 47.51 | 92.58 | OK | |
r-devel-linux-x86_64-debian-gcc | 1.0.3 | 32.44 | 36.11 | 68.55 | OK | |
r-devel-linux-x86_64-fedora-clang | 1.0.3 | 129.74 | OK | |||
r-devel-linux-x86_64-fedora-gcc | 1.0.3 | 115.01 | NOTE | |||
r-devel-windows-x86_64 | 1.0.3 | 72.00 | 102.00 | 174.00 | OK | |
r-patched-linux-x86_64 | 1.0.3 | 35.40 | 45.89 | 81.29 | OK | |
r-release-linux-x86_64 | 1.0.3 | 39.88 | 45.17 | 85.05 | OK | |
r-release-macos-arm64 | 1.0.3 | 35.00 | OK | |||
r-release-macos-x86_64 | 1.0.3 | 45.00 | OK | |||
r-release-windows-x86_64 | 1.0.3 | 41.00 | 97.00 | 138.00 | OK | |
r-oldrel-macos-arm64 | 1.0.3 | 38.00 | OK | |||
r-oldrel-macos-x86_64 | 1.0.3 | 59.00 | OK | |||
r-oldrel-windows-ix86+x86_64 | 1.0.3 | 101.00 | 116.00 | 217.00 | OK |
Version: 1.0.3
Check: C++ specification
Result: NOTE
Specified C++11: please update to current default of C++17
Flavor: r-devel-linux-x86_64-fedora-gcc