Last updated on 2024-04-24 20:53:59 CEST.
Flavor | Version | Tinstall | Tcheck | Ttotal | Status | Flags |
---|---|---|---|---|---|---|
r-devel-linux-x86_64-debian-clang | 2.2 | 3.44 | 42.05 | 45.49 | OK | |
r-devel-linux-x86_64-debian-gcc | 2.2 | 3.25 | 30.39 | 33.64 | OK | |
r-devel-linux-x86_64-fedora-clang | 2.2 | 55.59 | NOTE | |||
r-devel-linux-x86_64-fedora-gcc | 2.2 | 53.78 | NOTE | |||
r-devel-windows-x86_64 | 2.2 | 6.00 | 52.00 | 58.00 | OK | |
r-patched-linux-x86_64 | 2.2 | 4.40 | 38.99 | 43.39 | OK | |
r-release-linux-x86_64 | 2.2 | 3.95 | 38.64 | 42.59 | OK | |
r-release-macos-arm64 | 2.2 | 27.00 | OK | |||
r-release-windows-x86_64 | 2.2 | 5.00 | 51.00 | 56.00 | OK | |
r-oldrel-macos-arm64 | 2.2 | 29.00 | OK | |||
r-oldrel-macos-x86_64 | 2.2 | 53.00 | OK | |||
r-oldrel-windows-x86_64 | 2.2 | 6.00 | 57.00 | 63.00 | OK |
Version: 2.2
Check: data for non-ASCII characters
Result: NOTE
Note: found 42 marked UTF-8 strings
Flavors: r-devel-linux-x86_64-fedora-clang, r-devel-linux-x86_64-fedora-gcc