CRAN Package Check Results for Package BetaBit

Last updated on 2022-09-28 21:51:32 CEST.

Flavor Version Tinstall Tcheck Ttotal Status Flags
r-devel-linux-x86_64-debian-clang 1.4 5.02 39.75 44.77 OK
r-devel-linux-x86_64-debian-gcc 1.4 3.40 29.81 33.21 OK
r-devel-linux-x86_64-fedora-clang 1.4 68.38 NOTE
r-devel-linux-x86_64-fedora-gcc 1.4 66.02 NOTE
r-devel-windows-x86_64 1.4 21.00 69.00 90.00 OK
r-patched-linux-x86_64 1.4 4.19 37.39 41.58 OK
r-release-linux-x86_64 1.4 4.30 37.30 41.60 OK
r-release-macos-arm64 1.4 20.00 NOTE
r-release-macos-x86_64 1.4 28.00 NOTE
r-release-windows-x86_64 1.4 24.00 61.00 85.00 OK
r-oldrel-macos-arm64 1.4 24.00 NOTE
r-oldrel-macos-x86_64 1.4 33.00 NOTE
r-oldrel-windows-ix86+x86_64 1.4 9.00 63.00 72.00 OK

Check Details

Version: 1.4
Check: data for non-ASCII characters
Result: NOTE
     Note: found 20 marked UTF-8 strings
Flavors: r-devel-linux-x86_64-fedora-clang, r-devel-linux-x86_64-fedora-gcc, r-release-macos-arm64, r-release-macos-x86_64, r-oldrel-macos-arm64, r-oldrel-macos-x86_64